HEX
Server: Apache/2.4.58 (Ubuntu)
System: Linux vmi3050980 6.8.0-90-generic #91-Ubuntu SMP PREEMPT_DYNAMIC Tue Nov 18 14:14:30 UTC 2025 x86_64
User: gurumedia_st_usr (1012)
PHP: 8.3.6
Disabled: NONE
Upload Files
File: /var/www/gurumedia_st_usr/data/logs/inteligent.gurumedia.store-frontend.access.log.1
94.136.190.175 - - [28/Jul/2026:00:00:32 +0200] "GET / HTTP/1.1" 301 0 "-" "Mozilla/5.0 (X11; Linux x86_64) AppleWebKit/537.36 (KHTML, like Gecko) Chrome/44.0.2403.157 Safari/537.36"
94.136.190.175 - - [28/Jul/2026:00:00:32 +0200] "GET / HTTP/1.1" 499 0 "http://94.136.190.175" "Mozilla/5.0 (X11; Linux x86_64) AppleWebKit/537.36 (KHTML, like Gecko) Chrome/44.0.2403.157 Safari/537.36"
94.136.190.175 - - [28/Jul/2026:00:04:20 +0200] "POST /wp-admin/admin-ajax.php?action=as_async_request_queue_runner&nonce=c3b5127663 HTTP/1.1" 499 0 "-" "WordPress/7.0; https://inteligent.gurumedia.store"
103.174.153.22 - - [28/Jul/2026:00:04:20 +0200] "GET /wp-admin/admin-ajax.php HTTP/1.1" 400 11 "-" "WordPress/7.0.2; https://inteligent.gurumedia.store"
103.174.153.22 - - [28/Jul/2026:00:04:28 +0200] "GET /wp-admin/admin-ajax.php HTTP/1.1" 400 11 "-" "WordPress/7.0.2; https://inteligent.gurumedia.store"
94.136.190.175 - - [28/Jul/2026:00:14:16 +0200] "GET / HTTP/1.1" 301 0 "-" "Mozilla/5.0 (X11; Linux x86_64) AppleWebKit/537.36 (KHTML, like Gecko) Chrome/44.0.2403.157 Safari/537.36"
94.136.190.175 - - [28/Jul/2026:00:14:17 +0200] "GET / HTTP/1.1" 200 14911 "http://94.136.190.175" "Mozilla/5.0 (X11; Linux x86_64) AppleWebKit/537.36 (KHTML, like Gecko) Chrome/44.0.2403.157 Safari/537.36"
160.191.139.115 - - [28/Jul/2026:00:22:01 +0200] "GET /wp-login.php HTTP/1.1" 200 1966 "-" "Mozilla/5.0 (Windows NT 10.0; Win64; x64) AppleWebKit/537.36 (KHTML, like Gecko) Chrome/120.0.0.0 Safari/537.36"
160.191.139.115 - - [28/Jul/2026:00:22:01 +0200] "POST /wp-login.php HTTP/1.1" 200 2112 "https://inteligent.gurumedia.store/wp-login.php" "Mozilla/5.0 (Windows NT 10.0; Win64; x64) AppleWebKit/537.36 (KHTML, like Gecko) Chrome/120.0.0.0 Safari/537.36"
94.136.190.175 - - [28/Jul/2026:00:28:21 +0200] "GET / HTTP/1.1" 301 0 "-" "Mozilla/5.0 (X11; Linux x86_64) AppleWebKit/537.36 (KHTML, like Gecko) Chrome/44.0.2403.157 Safari/537.36"
94.136.190.175 - - [28/Jul/2026:00:28:22 +0200] "GET / HTTP/1.1" 200 14911 "http://94.136.190.175" "Mozilla/5.0 (X11; Linux x86_64) AppleWebKit/537.36 (KHTML, like Gecko) Chrome/44.0.2403.157 Safari/537.36"
94.136.190.175 - - [28/Jul/2026:00:42:16 +0200] "GET / HTTP/1.1" 301 0 "-" "Mozilla/5.0 (X11; Linux x86_64) AppleWebKit/537.36 (KHTML, like Gecko) Chrome/44.0.2403.157 Safari/537.36"
94.136.190.175 - - [28/Jul/2026:00:42:17 +0200] "GET / HTTP/1.1" 200 14911 "http://94.136.190.175" "Mozilla/5.0 (X11; Linux x86_64) AppleWebKit/537.36 (KHTML, like Gecko) Chrome/44.0.2403.157 Safari/537.36"
52.167.144.57 - - [28/Jul/2026:00:43:37 +0200] "GET /robots.txt HTTP/1.1" 200 91 "-" "Mozilla/5.0 AppleWebKit/537.36 (KHTML, like Gecko; compatible; bingbot/2.0; +http://www.bing.com/bingbot.htm) Chrome/116.0.1938.76 Safari/537.36"
57.141.0.64 - - [28/Jul/2026:00:49:28 +0200] "GET /step/thank-you-woo/ HTTP/1.1" 500 2576 "-" "Mozilla/5.0 (Macintosh; Intel Mac OS X 10_15_7) AppleWebKit/537.36 (KHTML, like Gecko) Chrome/145.0.0.0 Safari/537.36 (compatible; meta-externalagent/1.1 (+https://developers.facebook.com/docs/sharing/webmasters/crawler))"
94.136.190.175 - - [28/Jul/2026:00:56:10 +0200] "GET / HTTP/1.1" 301 0 "-" "Mozilla/5.0 (X11; Linux x86_64) AppleWebKit/537.36 (KHTML, like Gecko) Chrome/44.0.2403.157 Safari/537.36"
94.136.190.175 - - [28/Jul/2026:00:56:11 +0200] "GET / HTTP/1.1" 200 14911 "http://94.136.190.175" "Mozilla/5.0 (X11; Linux x86_64) AppleWebKit/537.36 (KHTML, like Gecko) Chrome/44.0.2403.157 Safari/537.36"
94.136.190.175 - - [28/Jul/2026:01:00:13 +0200] "GET / HTTP/1.1" 301 0 "-" "Mozilla/5.0 (X11; Linux x86_64) AppleWebKit/537.36 (KHTML, like Gecko) Chrome/44.0.2403.157 Safari/537.36"
94.136.190.175 - - [28/Jul/2026:01:00:14 +0200] "GET / HTTP/1.1" 200 14911 "http://94.136.190.175" "Mozilla/5.0 (X11; Linux x86_64) AppleWebKit/537.36 (KHTML, like Gecko) Chrome/44.0.2403.157 Safari/537.36"
94.136.190.175 - - [28/Jul/2026:01:14:12 +0200] "GET / HTTP/1.1" 301 0 "-" "Mozilla/5.0 (X11; Linux x86_64) AppleWebKit/537.36 (KHTML, like Gecko) Chrome/44.0.2403.157 Safari/537.36"
94.136.190.175 - - [28/Jul/2026:01:14:13 +0200] "GET / HTTP/1.1" 200 14911 "http://94.136.190.175" "Mozilla/5.0 (X11; Linux x86_64) AppleWebKit/537.36 (KHTML, like Gecko) Chrome/44.0.2403.157 Safari/537.36"
94.136.190.175 - - [28/Jul/2026:01:28:21 +0200] "GET / HTTP/1.1" 301 0 "-" "Mozilla/5.0 (X11; Linux x86_64) AppleWebKit/537.36 (KHTML, like Gecko) Chrome/44.0.2403.157 Safari/537.36"
94.136.190.175 - - [28/Jul/2026:01:28:22 +0200] "GET / HTTP/1.1" 200 14911 "http://94.136.190.175" "Mozilla/5.0 (X11; Linux x86_64) AppleWebKit/537.36 (KHTML, like Gecko) Chrome/44.0.2403.157 Safari/537.36"
94.136.190.175 - - [28/Jul/2026:01:42:15 +0200] "GET / HTTP/1.1" 301 0 "-" "Mozilla/5.0 (X11; Linux x86_64) AppleWebKit/537.36 (KHTML, like Gecko) Chrome/44.0.2403.157 Safari/537.36"
94.136.190.175 - - [28/Jul/2026:01:42:16 +0200] "GET / HTTP/1.1" 200 14911 "http://94.136.190.175" "Mozilla/5.0 (X11; Linux x86_64) AppleWebKit/537.36 (KHTML, like Gecko) Chrome/44.0.2403.157 Safari/537.36"
216.73.217.59 - - [28/Jul/2026:01:45:45 +0200] "GET /robots.txt HTTP/1.1" 200 91 "-" "Mozilla/5.0 AppleWebKit/537.36 (KHTML, like Gecko; compatible; ClaudeBot/1.0; +claudebot@anthropic.com)"
216.73.217.59 - - [28/Jul/2026:01:45:48 +0200] "GET /sitemap.xml HTTP/1.1" 301 0 "-" "Mozilla/5.0 AppleWebKit/537.36 (KHTML, like Gecko; compatible; ClaudeBot/1.0; +claudebot@anthropic.com)"
216.73.217.59 - - [28/Jul/2026:01:45:49 +0200] "GET /wp-sitemap.xml HTTP/1.1" 200 258 "https://inteligent.gurumedia.store/sitemap.xml" "Mozilla/5.0 AppleWebKit/537.36 (KHTML, like Gecko; compatible; ClaudeBot/1.0; +claudebot@anthropic.com)"
94.136.190.175 - - [28/Jul/2026:01:56:08 +0200] "GET / HTTP/1.1" 301 0 "-" "Mozilla/5.0 (X11; Linux x86_64) AppleWebKit/537.36 (KHTML, like Gecko) Chrome/44.0.2403.157 Safari/537.36"
94.136.190.175 - - [28/Jul/2026:01:56:09 +0200] "GET / HTTP/1.1" 200 14911 "http://94.136.190.175" "Mozilla/5.0 (X11; Linux x86_64) AppleWebKit/537.36 (KHTML, like Gecko) Chrome/44.0.2403.157 Safari/537.36"
94.136.190.175 - - [28/Jul/2026:02:00:12 +0200] "GET / HTTP/1.1" 301 0 "-" "Mozilla/5.0 (X11; Linux x86_64) AppleWebKit/537.36 (KHTML, like Gecko) Chrome/44.0.2403.157 Safari/537.36"
94.136.190.175 - - [28/Jul/2026:02:00:13 +0200] "GET / HTTP/1.1" 200 14911 "http://94.136.190.175" "Mozilla/5.0 (X11; Linux x86_64) AppleWebKit/537.36 (KHTML, like Gecko) Chrome/44.0.2403.157 Safari/537.36"
94.136.190.175 - - [28/Jul/2026:02:14:08 +0200] "GET / HTTP/1.1" 301 0 "-" "Mozilla/5.0 (X11; Linux x86_64) AppleWebKit/537.36 (KHTML, like Gecko) Chrome/44.0.2403.157 Safari/537.36"
94.136.190.175 - - [28/Jul/2026:02:14:09 +0200] "GET / HTTP/1.1" 200 14911 "http://94.136.190.175" "Mozilla/5.0 (X11; Linux x86_64) AppleWebKit/537.36 (KHTML, like Gecko) Chrome/44.0.2403.157 Safari/537.36"
94.136.190.175 - - [28/Jul/2026:02:28:17 +0200] "GET / HTTP/1.1" 301 0 "-" "Mozilla/5.0 (X11; Linux x86_64) AppleWebKit/537.36 (KHTML, like Gecko) Chrome/44.0.2403.157 Safari/537.36"
94.136.190.175 - - [28/Jul/2026:02:28:18 +0200] "GET / HTTP/1.1" 200 14911 "http://94.136.190.175" "Mozilla/5.0 (X11; Linux x86_64) AppleWebKit/537.36 (KHTML, like Gecko) Chrome/44.0.2403.157 Safari/537.36"
103.7.248.94 - - [28/Jul/2026:02:37:51 +0200] "GET /wp-content/plugins/Bunk_up_69106884/bnk.php HTTP/1.1" 403 292 "-" "Mozilla/5.0 (Windows NT 10.0; Win64; x64; rv:122.0) Gecko/20100101 Firefox/122.0"
172.213.17.107 - - [28/Jul/2026:02:39:49 +0200] "GET /wp-content/plugins/hellopress/wp_filemanager.php HTTP/1.1" 404 31216 "-" "-"
172.213.17.107 - - [28/Jul/2026:02:39:49 +0200] "GET /this_is_a_new_hello_world.php HTTP/1.1" 403 291 "-" "-"
172.213.17.107 - - [28/Jul/2026:02:39:49 +0200] "GET /3PJcpMFsD8B.php HTTP/1.1" 403 291 "-" "-"
172.213.17.107 - - [28/Jul/2026:02:39:50 +0200] "GET /media.php HTTP/1.1" 404 31216 "-" "-"
172.213.17.107 - - [28/Jul/2026:02:39:50 +0200] "GET /images.php HTTP/1.1" 403 291 "-" "-"
172.213.17.107 - - [28/Jul/2026:02:39:51 +0200] "GET /adminner.php HTTP/1.1" 403 291 "-" "-"
172.213.17.107 - - [28/Jul/2026:02:39:52 +0200] "GET ///admin.php HTTP/1.1" 301 0 "-" "-"
172.213.17.107 - - [28/Jul/2026:02:39:53 +0200] "GET /admin.php HTTP/1.1" 404 31216 "-" "-"
172.213.17.107 - - [28/Jul/2026:02:39:53 +0200] "GET /ops.php HTTP/1.1" 403 291 "-" "-"
172.213.17.107 - - [28/Jul/2026:02:39:53 +0200] "GET /mac.php HTTP/1.1" 403 291 "-" "-"
172.213.17.107 - - [28/Jul/2026:02:39:54 +0200] "GET /wefile.php HTTP/1.1" 403 291 "-" "-"
172.213.17.107 - - [28/Jul/2026:02:39:55 +0200] "GET /.well-known/about.php HTTP/1.1" 404 31216 "-" "-"
172.213.17.107 - - [28/Jul/2026:02:39:55 +0200] "GET /wp-includes/ID3/about.php HTTP/1.1" 403 291 "-" "-"
172.213.17.107 - - [28/Jul/2026:02:39:55 +0200] "GET /wp-admin/css/ HTTP/1.1" 403 291 "-" "-"
172.213.17.107 - - [28/Jul/2026:02:39:55 +0200] "GET /wp-admin/css/colors/modern/ HTTP/1.1" 403 291 "-" "-"
172.213.17.107 - - [28/Jul/2026:02:39:55 +0200] "GET /pucci.php HTTP/1.1" 403 291 "-" "-"
172.213.17.107 - - [28/Jul/2026:02:39:55 +0200] "GET /wp-includes/blocks/audio/ HTTP/1.1" 403 291 "-" "-"
172.213.17.107 - - [28/Jul/2026:02:39:56 +0200] "GET /wp-temp.php HTTP/1.1" 403 291 "-" "-"
172.213.17.107 - - [28/Jul/2026:02:39:56 +0200] "GET /xmu.php HTTP/1.1" 403 291 "-" "-"
172.213.17.107 - - [28/Jul/2026:02:39:56 +0200] "GET //wp-admin/js/index.php HTTP/1.1" 403 291 "-" "-"
172.213.17.107 - - [28/Jul/2026:02:39:56 +0200] "GET /8.php HTTP/1.1" 403 291 "-" "-"
172.213.17.107 - - [28/Jul/2026:02:39:56 +0200] "GET /1.php HTTP/1.1" 403 291 "-" "-"
172.213.17.107 - - [28/Jul/2026:02:39:56 +0200] "GET /wp-content/admin.php HTTP/1.1" 403 291 "-" "-"
172.213.17.107 - - [28/Jul/2026:02:39:56 +0200] "GET //f6.php HTTP/1.1" 403 291 "-" "-"
172.213.17.107 - - [28/Jul/2026:02:39:57 +0200] "GET /wp-content/themes/index.php HTTP/1.1" 403 291 "-" "-"
172.213.17.107 - - [28/Jul/2026:02:39:58 +0200] "GET /ms-edit.php HTTP/1.1" 404 31216 "-" "-"
172.213.17.107 - - [28/Jul/2026:02:40:00 +0200] "GET /222.php HTTP/1.1" 403 291 "-" "-"
172.213.17.107 - - [28/Jul/2026:02:40:00 +0200] "GET //cgi-bin/index.php HTTP/1.1" 404 288 "-" "-"
172.213.17.107 - - [28/Jul/2026:02:40:00 +0200] "GET //wp-includes/css/dist/ HTTP/1.1" 403 291 "-" "-"
172.213.17.107 - - [28/Jul/2026:02:40:00 +0200] "GET //wp-includes/l10n/ HTTP/1.1" 403 291 "-" "-"
172.213.17.107 - - [28/Jul/2026:02:40:00 +0200] "GET /wp-content/uploads/ HTTP/1.1" 403 291 "-" "-"
172.213.17.107 - - [28/Jul/2026:02:40:00 +0200] "GET /raw.php HTTP/1.1" 403 291 "-" "-"
172.213.17.107 - - [28/Jul/2026:02:40:01 +0200] "GET //a1.php HTTP/1.1" 403 291 "-" "-"
172.213.17.107 - - [28/Jul/2026:02:40:02 +0200] "GET /wp-includes/Text/Diff/Engine/about.php HTTP/1.1" 403 291 "-" "-"
172.213.17.107 - - [28/Jul/2026:02:40:02 +0200] "GET //cgi-bin/admin.php HTTP/1.1" 404 288 "-" "-"
172.213.17.107 - - [28/Jul/2026:02:40:02 +0200] "GET //wp-content/BypassBest.php HTTP/1.1" 403 291 "-" "-"
172.213.17.107 - - [28/Jul/2026:02:40:02 +0200] "GET /wp-content/ HTTP/1.1" 403 291 "-" "-"
172.213.17.107 - - [28/Jul/2026:02:40:02 +0200] "GET /simple.php HTTP/1.1" 403 291 "-" "-"
172.213.17.107 - - [28/Jul/2026:02:40:02 +0200] "GET /xxx.php HTTP/1.1" 403 291 "-" "-"
172.213.17.107 - - [28/Jul/2026:02:40:03 +0200] "GET /wp-admin/css/colors/blue/ HTTP/1.1" 403 291 "-" "-"
172.213.17.107 - - [28/Jul/2026:02:40:03 +0200] "GET //wp-includes/block-bindings/ HTTP/1.1" 403 291 "-" "-"
172.213.17.107 - - [28/Jul/2026:02:40:03 +0200] "GET /file.php? HTTP/1.1" 403 291 "-" "-"
172.213.17.107 - - [28/Jul/2026:02:40:03 +0200] "GET /aa2.php HTTP/1.1" 403 291 "-" "-"
172.213.17.107 - - [28/Jul/2026:02:40:03 +0200] "GET /ccou.php HTTP/1.1" 403 291 "-" "-"
172.213.17.107 - - [28/Jul/2026:02:40:03 +0200] "GET /dr.php HTTP/1.1" 403 291 "-" "-"
172.213.17.107 - - [28/Jul/2026:02:40:04 +0200] "GET /f35.php HTTP/1.1" 403 291 "-" "-"
172.213.17.107 - - [28/Jul/2026:02:40:04 +0200] "GET /wp-load.php HTTP/1.1" 200 0 "-" "-"
172.213.17.107 - - [28/Jul/2026:02:40:04 +0200] "GET //wp-includes/assets/ HTTP/1.1" 403 291 "-" "-"
172.213.17.107 - - [28/Jul/2026:02:40:04 +0200] "GET /wp-admin/css/colors/sunrise/ HTTP/1.1" 403 291 "-" "-"
172.213.17.107 - - [28/Jul/2026:02:40:05 +0200] "GET /wp-admin/css/colors/midnight/about.php HTTP/1.1" 403 291 "-" "-"
172.213.17.107 - - [28/Jul/2026:02:40:05 +0200] "GET /wp-links.php HTTP/1.1" 403 291 "-" "-"
172.213.17.107 - - [28/Jul/2026:02:40:05 +0200] "GET /2P.update.php HTTP/1.1" 403 291 "-" "-"
172.213.17.107 - - [28/Jul/2026:02:40:05 +0200] "GET /a.php HTTP/1.1" 403 291 "-" "-"
172.213.17.107 - - [28/Jul/2026:02:40:05 +0200] "GET /k.php HTTP/1.1" 403 291 "-" "-"
172.213.17.107 - - [28/Jul/2026:02:40:05 +0200] "GET /w.php HTTP/1.1" 403 291 "-" "-"
172.213.17.107 - - [28/Jul/2026:02:40:05 +0200] "GET /insc.php HTTP/1.1" 403 291 "-" "-"
172.213.17.107 - - [28/Jul/2026:02:40:06 +0200] "GET /4PJcpMFsD8B.php HTTP/1.1" 403 291 "-" "-"
172.213.17.107 - - [28/Jul/2026:02:40:07 +0200] "GET /sss.php?p= HTTP/1.1" 403 291 "-" "-"
172.213.17.107 - - [28/Jul/2026:02:40:11 +0200] "GET //aa.php HTTP/1.1" 403 291 "-" "-"
172.213.17.107 - - [28/Jul/2026:02:40:11 +0200] "GET /177.php HTTP/1.1" 403 291 "-" "-"
172.213.17.107 - - [28/Jul/2026:02:40:11 +0200] "GET /hur.php HTTP/1.1" 403 291 "-" "-"
172.213.17.107 - - [28/Jul/2026:02:40:11 +0200] "GET /coffexium.php HTTP/1.1" 403 291 "-" "-"
172.213.17.107 - - [28/Jul/2026:02:40:11 +0200] "GET /0.php HTTP/1.1" 403 291 "-" "-"
172.213.17.107 - - [28/Jul/2026:02:40:14 +0200] "GET /BDKR28.php HTTP/1.1" 403 291 "-" "-"
172.213.17.107 - - [28/Jul/2026:02:40:14 +0200] "GET /f35.update.php HTTP/1.1" 403 291 "-" "-"
172.213.17.107 - - [28/Jul/2026:02:40:16 +0200] "GET /f900.php HTTP/1.1" 403 291 "-" "-"
172.213.17.107 - - [28/Jul/2026:02:40:16 +0200] "GET /xmrl.php HTTP/1.1" 403 291 "-" "-"
172.213.17.107 - - [28/Jul/2026:02:40:17 +0200] "GET /memberfuns.php HTTP/1.1" 404 31216 "-" "-"
172.213.17.107 - - [28/Jul/2026:02:40:17 +0200] "GET /ms.php HTTP/1.1" 403 291 "-" "-"
172.213.17.107 - - [28/Jul/2026:02:40:18 +0200] "GET /zz.php?p= HTTP/1.1" 403 291 "-" "-"
172.213.17.107 - - [28/Jul/2026:02:40:18 +0200] "GET /for.php HTTP/1.1" 403 291 "-" "-"
172.213.17.107 - - [28/Jul/2026:02:40:18 +0200] "GET /yup.php HTTP/1.1" 403 291 "-" "-"
172.213.17.107 - - [28/Jul/2026:02:40:18 +0200] "GET /fffm.php?p= HTTP/1.1" 403 291 "-" "-"
172.213.17.107 - - [28/Jul/2026:02:40:18 +0200] "GET /gecko.php HTTP/1.1" 403 291 "-" "-"
172.213.17.107 - - [28/Jul/2026:02:40:18 +0200] "GET //a1.php HTTP/1.1" 403 291 "-" "-"
172.213.17.107 - - [28/Jul/2026:02:40:18 +0200] "GET /k2.php HTTP/1.1" 403 291 "-" "-"
172.213.17.107 - - [28/Jul/2026:02:40:19 +0200] "GET /82.php HTTP/1.1" 403 291 "-" "-"
172.213.17.107 - - [28/Jul/2026:02:40:19 +0200] "GET /config.json.php HTTP/1.1" 403 291 "-" "-"
172.213.17.107 - - [28/Jul/2026:02:40:19 +0200] "GET /fpwch.php HTTP/1.1" 403 291 "-" "-"
172.213.17.107 - - [28/Jul/2026:02:40:19 +0200] "GET //2.php HTTP/1.1" 403 291 "-" "-"
172.213.17.107 - - [28/Jul/2026:02:40:19 +0200] "GET /xstelth.php HTTP/1.1" 403 291 "-" "-"
172.213.17.107 - - [28/Jul/2026:02:40:19 +0200] "GET /xp.php HTTP/1.1" 403 291 "-" "-"
172.213.17.107 - - [28/Jul/2026:02:40:19 +0200] "GET /nwflm.php HTTP/1.1" 403 291 "-" "-"
172.213.17.107 - - [28/Jul/2026:02:40:19 +0200] "GET /reop3.php?p= HTTP/1.1" 403 291 "-" "-"
172.213.17.107 - - [28/Jul/2026:02:40:20 +0200] "GET /green.php HTTP/1.1" 403 291 "-" "-"
172.213.17.107 - - [28/Jul/2026:02:40:20 +0200] "GET /zildan.php HTTP/1.1" 403 291 "-" "-"
172.213.17.107 - - [28/Jul/2026:02:40:20 +0200] "GET /111.php HTTP/1.1" 403 291 "-" "-"
172.213.17.107 - - [28/Jul/2026:02:40:20 +0200] "GET /kir.php HTTP/1.1" 403 291 "-" "-"
172.213.17.107 - - [28/Jul/2026:02:40:20 +0200] "GET //wp-includes/Requests/ HTTP/1.1" 403 291 "-" "-"
172.213.17.107 - - [28/Jul/2026:02:40:20 +0200] "GET /002.php?p= HTTP/1.1" 403 291 "-" "-"
172.213.17.107 - - [28/Jul/2026:02:40:20 +0200] "GET //wp.php? HTTP/1.1" 403 291 "-" "-"
172.213.17.107 - - [28/Jul/2026:02:40:22 +0200] "GET /edit.php HTTP/1.1" 404 31216 "-" "-"
172.213.17.107 - - [28/Jul/2026:02:40:22 +0200] "GET /dex.php HTTP/1.1" 403 291 "-" "-"
172.213.17.107 - - [28/Jul/2026:02:40:23 +0200] "GET /v2.php HTTP/1.1" 403 291 "-" "-"
172.213.17.107 - - [28/Jul/2026:02:40:23 +0200] "GET /biufile.php HTTP/1.1" 403 291 "-" "-"
172.213.17.107 - - [28/Jul/2026:02:40:24 +0200] "GET /inputs.php? HTTP/1.1" 404 31216 "-" "-"
172.213.17.107 - - [28/Jul/2026:02:40:25 +0200] "GET /inputs.php HTTP/1.1" 404 31216 "-" "-"
172.213.17.107 - - [28/Jul/2026:02:40:26 +0200] "GET //adminfuns.php HTTP/1.1" 301 0 "-" "-"
172.213.17.107 - - [28/Jul/2026:02:40:27 +0200] "GET /adminfuns.php HTTP/1.1" 404 31216 "-" "-"
172.213.17.107 - - [28/Jul/2026:02:40:27 +0200] "GET /goods.php HTTP/1.1" 403 291 "-" "-"
172.213.17.107 - - [28/Jul/2026:02:40:28 +0200] "GET /about.php? HTTP/1.1" 403 291 "-" "-"
172.213.17.107 - - [28/Jul/2026:02:40:28 +0200] "GET /about.php HTTP/1.1" 403 291 "-" "-"
172.213.17.107 - - [28/Jul/2026:02:40:29 +0200] "GET /admin.php HTTP/1.1" 404 31216 "-" "-"
172.213.17.107 - - [28/Jul/2026:02:40:30 +0200] "GET /admin.php? HTTP/1.1" 404 31216 "-" "-"
172.213.17.107 - - [28/Jul/2026:02:40:31 +0200] "GET //themes.php HTTP/1.1" 301 0 "-" "-"
172.213.17.107 - - [28/Jul/2026:02:40:32 +0200] "GET /themes.php HTTP/1.1" 404 31216 "-" "-"
172.213.17.107 - - [28/Jul/2026:02:40:32 +0200] "GET /chosen.php? HTTP/1.1" 403 291 "-" "-"
172.213.17.107 - - [28/Jul/2026:02:40:32 +0200] "GET /hypo.php HTTP/1.1" 403 291 "-" "-"
94.136.190.175 - - [28/Jul/2026:02:42:14 +0200] "GET / HTTP/1.1" 301 0 "-" "Mozilla/5.0 (X11; Linux x86_64) AppleWebKit/537.36 (KHTML, like Gecko) Chrome/44.0.2403.157 Safari/537.36"
94.136.190.175 - - [28/Jul/2026:02:42:15 +0200] "GET / HTTP/1.1" 200 14911 "http://94.136.190.175" "Mozilla/5.0 (X11; Linux x86_64) AppleWebKit/537.36 (KHTML, like Gecko) Chrome/44.0.2403.157 Safari/537.36"
103.174.153.22 - - [28/Jul/2026:02:42:40 +0200] "GET /.well-known/acme-challenge/W9OZ1__T9V8S7PVWZPU9MZMZ0S6ASUXQ HTTP/1.1" 404 153 "-" "Cpanel-HTTP-Client/1.0"
94.136.190.175 - - [28/Jul/2026:02:56:08 +0200] "GET / HTTP/1.1" 301 0 "-" "Mozilla/5.0 (X11; Linux x86_64) AppleWebKit/537.36 (KHTML, like Gecko) Chrome/44.0.2403.157 Safari/537.36"
94.136.190.175 - - [28/Jul/2026:02:56:09 +0200] "GET / HTTP/1.1" 200 14911 "http://94.136.190.175" "Mozilla/5.0 (X11; Linux x86_64) AppleWebKit/537.36 (KHTML, like Gecko) Chrome/44.0.2403.157 Safari/537.36"
94.136.190.175 - - [28/Jul/2026:03:00:14 +0200] "GET / HTTP/1.1" 301 0 "-" "Mozilla/5.0 (X11; Linux x86_64) AppleWebKit/537.36 (KHTML, like Gecko) Chrome/44.0.2403.157 Safari/537.36"
94.136.190.175 - - [28/Jul/2026:03:00:15 +0200] "GET / HTTP/1.1" 200 14911 "http://94.136.190.175" "Mozilla/5.0 (X11; Linux x86_64) AppleWebKit/537.36 (KHTML, like Gecko) Chrome/44.0.2403.157 Safari/537.36"
94.136.190.175 - - [28/Jul/2026:03:14:14 +0200] "GET / HTTP/1.1" 301 0 "-" "Mozilla/5.0 (X11; Linux x86_64) AppleWebKit/537.36 (KHTML, like Gecko) Chrome/44.0.2403.157 Safari/537.36"
94.136.190.175 - - [28/Jul/2026:03:14:15 +0200] "GET / HTTP/1.1" 200 14911 "http://94.136.190.175" "Mozilla/5.0 (X11; Linux x86_64) AppleWebKit/537.36 (KHTML, like Gecko) Chrome/44.0.2403.157 Safari/537.36"
57.141.0.27 - - [28/Jul/2026:03:20:48 +0200] "GET /wp-sitemap-taxonomies-product_cat-1.xml HTTP/1.1" 200 381 "-" "Mozilla/5.0 (Macintosh; Intel Mac OS X 10_15_7) AppleWebKit/537.36 (KHTML, like Gecko) Chrome/145.0.0.0 Safari/537.36 (compatible; meta-externalagent/1.1 (+https://developers.facebook.com/docs/sharing/webmasters/crawler))"
94.136.190.175 - - [28/Jul/2026:03:28:21 +0200] "GET / HTTP/1.1" 301 0 "-" "Mozilla/5.0 (X11; Linux x86_64) AppleWebKit/537.36 (KHTML, like Gecko) Chrome/44.0.2403.157 Safari/537.36"
94.136.190.175 - - [28/Jul/2026:03:28:22 +0200] "GET / HTTP/1.1" 200 14911 "http://94.136.190.175" "Mozilla/5.0 (X11; Linux x86_64) AppleWebKit/537.36 (KHTML, like Gecko) Chrome/44.0.2403.157 Safari/537.36"
50.114.92.136 - - [28/Jul/2026:03:29:31 +0200] "GET /wp-login.php HTTP/1.1" 200 1965 "-" "Mozilla/5.0 (Windows NT 10.0; Win64; x64) AppleWebKit/537.36 (KHTML, like Gecko) Chrome/145.0.0.0 Safari/537.36"
50.114.92.136 - - [28/Jul/2026:03:29:33 +0200] "POST /wp-login.php HTTP/1.1" 302 0 "https://inteligent.gurumedia.store/wp-login.php" "Mozilla/5.0 (Windows NT 10.0; Win64; x64) AppleWebKit/537.36 (KHTML, like Gecko) Chrome/145.0.0.0 Safari/537.36"
94.136.190.175 - - [28/Jul/2026:03:29:39 +0200] "POST /wp-admin/admin-ajax.php?action=as_async_request_queue_runner&nonce=a0d59b8da1 HTTP/1.1" 499 0 "-" "WordPress/7.0; https://inteligent.gurumedia.store"
50.114.92.136 - - [28/Jul/2026:03:29:39 +0200] "GET /wp-admin/ HTTP/1.1" 200 59563 "https://inteligent.gurumedia.store/wp-login.php" "Mozilla/5.0 (Windows NT 10.0; Win64; x64) AppleWebKit/537.36 (KHTML, like Gecko) Chrome/145.0.0.0 Safari/537.36"
94.136.190.175 - - [28/Jul/2026:03:29:43 +0200] "POST /wp-admin/admin-ajax.php?action=wp_1_wc_privacy_cleanup&nonce=875ed5a4a5 HTTP/1.1" 499 0 "-" "WordPress/7.0; https://inteligent.gurumedia.store"
50.114.92.136 - - [28/Jul/2026:03:29:47 +0200] "GET /wp-admin/user-new.php HTTP/1.1" 200 51376 "https://inteligent.gurumedia.store/wp-login.php" "Mozilla/5.0 (Windows NT 10.0; Win64; x64) AppleWebKit/537.36 (KHTML, like Gecko) Chrome/145.0.0.0 Safari/537.36"
50.114.92.136 - - [28/Jul/2026:03:29:51 +0200] "POST /wp-admin/user-new.php HTTP/1.1" 302 0 "https://inteligent.gurumedia.store/wp-login.php" "Mozilla/5.0 (Windows NT 10.0; Win64; x64) AppleWebKit/537.36 (KHTML, like Gecko) Chrome/145.0.0.0 Safari/537.36"
50.114.92.136 - - [28/Jul/2026:03:29:52 +0200] "GET /wp-admin/users.php?update=add&id=10 HTTP/1.1" 200 54380 "https://inteligent.gurumedia.store/wp-login.php" "Mozilla/5.0 (Windows NT 10.0; Win64; x64) AppleWebKit/537.36 (KHTML, like Gecko) Chrome/145.0.0.0 Safari/537.36"
50.114.92.136 - - [28/Jul/2026:03:29:58 +0200] "GET /wp-admin/plugins.php?plugin_status=all&paged=1&s HTTP/1.1" 200 61050 "https://inteligent.gurumedia.store/wp-login.php" "Mozilla/5.0 (Windows NT 10.0; Win64; x64) AppleWebKit/537.36 (KHTML, like Gecko) Chrome/145.0.0.0 Safari/537.36"
50.114.92.136 - - [28/Jul/2026:03:30:01 +0200] "GET /wp-admin/plugins.php HTTP/1.1" 200 60939 "https://inteligent.gurumedia.store/wp-login.php" "Mozilla/5.0 (Windows NT 10.0; Win64; x64) AppleWebKit/537.36 (KHTML, like Gecko) Chrome/145.0.0.0 Safari/537.36"
50.114.92.136 - - [28/Jul/2026:03:30:04 +0200] "GET /wp-admin/plugin-install.php HTTP/1.1" 403 292 "https://inteligent.gurumedia.store/wp-login.php" "Mozilla/5.0 (Windows NT 10.0; Win64; x64) AppleWebKit/537.36 (KHTML, like Gecko) Chrome/145.0.0.0 Safari/537.36"
94.136.190.175 - - [28/Jul/2026:03:42:13 +0200] "GET / HTTP/1.1" 301 0 "-" "Mozilla/5.0 (X11; Linux x86_64) AppleWebKit/537.36 (KHTML, like Gecko) Chrome/44.0.2403.157 Safari/537.36"
94.136.190.175 - - [28/Jul/2026:03:42:15 +0200] "GET / HTTP/1.1" 200 14911 "http://94.136.190.175" "Mozilla/5.0 (X11; Linux x86_64) AppleWebKit/537.36 (KHTML, like Gecko) Chrome/44.0.2403.157 Safari/537.36"
202.191.122.251 - - [28/Jul/2026:03:43:16 +0200] "GET /wp-content/plugins/cwrah/index.php HTTP/1.1" 403 292 "-" "Mozilla/5.0 (Macintosh; Intel Mac OS X 10_15_7) AppleWebKit/605.1.15 Safari/605.1.15"
94.136.190.175 - - [28/Jul/2026:03:56:13 +0200] "GET / HTTP/1.1" 301 0 "-" "Mozilla/5.0 (X11; Linux x86_64) AppleWebKit/537.36 (KHTML, like Gecko) Chrome/44.0.2403.157 Safari/537.36"
94.136.190.175 - - [28/Jul/2026:03:56:14 +0200] "GET / HTTP/1.1" 200 14911 "http://94.136.190.175" "Mozilla/5.0 (X11; Linux x86_64) AppleWebKit/537.36 (KHTML, like Gecko) Chrome/44.0.2403.157 Safari/537.36"
94.136.190.175 - - [28/Jul/2026:04:00:16 +0200] "GET / HTTP/1.1" 301 0 "-" "Mozilla/5.0 (X11; Linux x86_64) AppleWebKit/537.36 (KHTML, like Gecko) Chrome/44.0.2403.157 Safari/537.36"
94.136.190.175 - - [28/Jul/2026:04:00:17 +0200] "GET / HTTP/1.1" 200 14911 "http://94.136.190.175" "Mozilla/5.0 (X11; Linux x86_64) AppleWebKit/537.36 (KHTML, like Gecko) Chrome/44.0.2403.157 Safari/537.36"
216.73.216.95 - - [28/Jul/2026:04:10:27 +0200] "GET /robots.txt HTTP/1.1" 200 91 "-" "Mozilla/5.0 AppleWebKit/537.36 (KHTML, like Gecko; compatible; ClaudeBot/1.0; +claudebot@anthropic.com)"
216.73.216.95 - - [28/Jul/2026:04:10:31 +0200] "GET /sitemap.xml HTTP/1.1" 301 0 "-" "Mozilla/5.0 AppleWebKit/537.36 (KHTML, like Gecko; compatible; ClaudeBot/1.0; +claudebot@anthropic.com)"
216.73.216.95 - - [28/Jul/2026:04:10:33 +0200] "GET /wp-sitemap.xml HTTP/1.1" 200 258 "https://inteligent.gurumedia.store/sitemap.xml" "Mozilla/5.0 AppleWebKit/537.36 (KHTML, like Gecko; compatible; ClaudeBot/1.0; +claudebot@anthropic.com)"
94.136.190.175 - - [28/Jul/2026:04:14:17 +0200] "GET / HTTP/1.1" 301 0 "-" "Mozilla/5.0 (X11; Linux x86_64) AppleWebKit/537.36 (KHTML, like Gecko) Chrome/44.0.2403.157 Safari/537.36"
94.136.190.175 - - [28/Jul/2026:04:14:18 +0200] "GET / HTTP/1.1" 200 14911 "http://94.136.190.175" "Mozilla/5.0 (X11; Linux x86_64) AppleWebKit/537.36 (KHTML, like Gecko) Chrome/44.0.2403.157 Safari/537.36"
46.203.52.71 - - [28/Jul/2026:04:27:04 +0200] "GET /wp-login.php HTTP/1.1" 200 1965 "-" "Mozilla/5.0 (Windows NT 10.0; Win64; x64) AppleWebKit/537.36 (KHTML, like Gecko) Chrome/145.0.0.0 Safari/537.36"
46.203.52.71 - - [28/Jul/2026:04:27:06 +0200] "POST /wp-login.php HTTP/1.1" 302 0 "https://inteligent.gurumedia.store/wp-login.php" "Mozilla/5.0 (Windows NT 10.0; Win64; x64) AppleWebKit/537.36 (KHTML, like Gecko) Chrome/145.0.0.0 Safari/537.36"
94.136.190.175 - - [28/Jul/2026:04:27:08 +0200] "POST /wp-admin/admin-ajax.php?action=as_async_request_queue_runner&nonce=f1e094eeca HTTP/1.1" 499 0 "-" "WordPress/7.0; https://inteligent.gurumedia.store"
46.203.52.71 - - [28/Jul/2026:04:27:08 +0200] "GET /wp-admin/ HTTP/1.1" 200 59542 "https://inteligent.gurumedia.store/wp-login.php" "Mozilla/5.0 (Windows NT 10.0; Win64; x64) AppleWebKit/537.36 (KHTML, like Gecko) Chrome/145.0.0.0 Safari/537.36"
46.203.52.71 - - [28/Jul/2026:04:27:09 +0200] "GET /wp-admin/user-new.php HTTP/1.1" 200 51375 "https://inteligent.gurumedia.store/wp-login.php" "Mozilla/5.0 (Windows NT 10.0; Win64; x64) AppleWebKit/537.36 (KHTML, like Gecko) Chrome/145.0.0.0 Safari/537.36"
46.203.52.71 - - [28/Jul/2026:04:27:12 +0200] "POST /wp-admin/user-new.php HTTP/1.1" 200 51437 "https://inteligent.gurumedia.store/wp-login.php" "Mozilla/5.0 (Windows NT 10.0; Win64; x64) AppleWebKit/537.36 (KHTML, like Gecko) Chrome/145.0.0.0 Safari/537.36"
46.203.52.71 - - [28/Jul/2026:04:27:15 +0200] "GET /wp-admin/plugins.php?plugin_status=all&paged=1&s HTTP/1.1" 200 61034 "https://inteligent.gurumedia.store/wp-login.php" "Mozilla/5.0 (Windows NT 10.0; Win64; x64) AppleWebKit/537.36 (KHTML, like Gecko) Chrome/145.0.0.0 Safari/537.36"
46.203.52.71 - - [28/Jul/2026:04:27:18 +0200] "GET /wp-admin/plugins.php HTTP/1.1" 200 60942 "https://inteligent.gurumedia.store/wp-login.php" "Mozilla/5.0 (Windows NT 10.0; Win64; x64) AppleWebKit/537.36 (KHTML, like Gecko) Chrome/145.0.0.0 Safari/537.36"
46.203.52.71 - - [28/Jul/2026:04:27:20 +0200] "GET /wp-admin/plugin-install.php HTTP/1.1" 403 292 "https://inteligent.gurumedia.store/wp-login.php" "Mozilla/5.0 (Windows NT 10.0; Win64; x64) AppleWebKit/537.36 (KHTML, like Gecko) Chrome/145.0.0.0 Safari/537.36"
94.136.190.175 - - [28/Jul/2026:04:28:30 +0200] "GET / HTTP/1.1" 301 0 "-" "Mozilla/5.0 (X11; Linux x86_64) AppleWebKit/537.36 (KHTML, like Gecko) Chrome/44.0.2403.157 Safari/537.36"
94.136.190.175 - - [28/Jul/2026:04:28:32 +0200] "GET / HTTP/1.1" 200 14911 "http://94.136.190.175" "Mozilla/5.0 (X11; Linux x86_64) AppleWebKit/537.36 (KHTML, like Gecko) Chrome/44.0.2403.157 Safari/537.36"
94.136.190.175 - - [28/Jul/2026:04:42:10 +0200] "GET / HTTP/1.1" 301 0 "-" "Mozilla/5.0 (X11; Linux x86_64) AppleWebKit/537.36 (KHTML, like Gecko) Chrome/44.0.2403.157 Safari/537.36"
94.136.190.175 - - [28/Jul/2026:04:42:11 +0200] "GET / HTTP/1.1" 200 14911 "http://94.136.190.175" "Mozilla/5.0 (X11; Linux x86_64) AppleWebKit/537.36 (KHTML, like Gecko) Chrome/44.0.2403.157 Safari/537.36"
94.136.190.175 - - [28/Jul/2026:04:56:15 +0200] "GET / HTTP/1.1" 301 0 "-" "Mozilla/5.0 (X11; Linux x86_64) AppleWebKit/537.36 (KHTML, like Gecko) Chrome/44.0.2403.157 Safari/537.36"
94.136.190.175 - - [28/Jul/2026:04:56:16 +0200] "GET / HTTP/1.1" 200 14911 "http://94.136.190.175" "Mozilla/5.0 (X11; Linux x86_64) AppleWebKit/537.36 (KHTML, like Gecko) Chrome/44.0.2403.157 Safari/537.36"
94.136.190.175 - - [28/Jul/2026:05:00:19 +0200] "GET / HTTP/1.1" 301 0 "-" "Mozilla/5.0 (X11; Linux x86_64) AppleWebKit/537.36 (KHTML, like Gecko) Chrome/44.0.2403.157 Safari/537.36"
94.136.190.175 - - [28/Jul/2026:05:00:21 +0200] "GET / HTTP/1.1" 200 14911 "http://94.136.190.175" "Mozilla/5.0 (X11; Linux x86_64) AppleWebKit/537.36 (KHTML, like Gecko) Chrome/44.0.2403.157 Safari/537.36"
94.136.190.175 - - [28/Jul/2026:05:14:16 +0200] "GET / HTTP/1.1" 301 0 "-" "Mozilla/5.0 (X11; Linux x86_64) AppleWebKit/537.36 (KHTML, like Gecko) Chrome/44.0.2403.157 Safari/537.36"
94.136.190.175 - - [28/Jul/2026:05:14:17 +0200] "GET / HTTP/1.1" 200 14911 "http://94.136.190.175" "Mozilla/5.0 (X11; Linux x86_64) AppleWebKit/537.36 (KHTML, like Gecko) Chrome/44.0.2403.157 Safari/537.36"
94.136.190.175 - - [28/Jul/2026:05:28:22 +0200] "GET / HTTP/1.1" 301 0 "-" "Mozilla/5.0 (X11; Linux x86_64) AppleWebKit/537.36 (KHTML, like Gecko) Chrome/44.0.2403.157 Safari/537.36"
94.136.190.175 - - [28/Jul/2026:05:28:23 +0200] "GET / HTTP/1.1" 200 14911 "http://94.136.190.175" "Mozilla/5.0 (X11; Linux x86_64) AppleWebKit/537.36 (KHTML, like Gecko) Chrome/44.0.2403.157 Safari/537.36"
103.174.153.22 - - [28/Jul/2026:05:35:46 +0200] "GET /.well-known/acme-challenge/plugin-test-1785209746331827717 HTTP/1.1" 404 153 "-" "Go-http-client/1.1"
94.136.190.175 - - [28/Jul/2026:05:42:12 +0200] "GET / HTTP/1.1" 301 0 "-" "Mozilla/5.0 (X11; Linux x86_64) AppleWebKit/537.36 (KHTML, like Gecko) Chrome/44.0.2403.157 Safari/537.36"
94.136.190.175 - - [28/Jul/2026:05:42:13 +0200] "GET / HTTP/1.1" 200 14911 "http://94.136.190.175" "Mozilla/5.0 (X11; Linux x86_64) AppleWebKit/537.36 (KHTML, like Gecko) Chrome/44.0.2403.157 Safari/537.36"
103.174.153.22 - - [28/Jul/2026:05:42:53 +0200] "GET /.well-known/acme-challenge/UUNXWQR3WXARB1FTTFG201D8W-66ZLE7 HTTP/1.1" 404 153 "-" "Cpanel-HTTP-Client/1.0"
94.136.190.175 - - [28/Jul/2026:05:56:17 +0200] "GET / HTTP/1.1" 301 0 "-" "Mozilla/5.0 (X11; Linux x86_64) AppleWebKit/537.36 (KHTML, like Gecko) Chrome/44.0.2403.157 Safari/537.36"
94.136.190.175 - - [28/Jul/2026:05:56:18 +0200] "GET / HTTP/1.1" 200 14911 "http://94.136.190.175" "Mozilla/5.0 (X11; Linux x86_64) AppleWebKit/537.36 (KHTML, like Gecko) Chrome/44.0.2403.157 Safari/537.36"
94.136.190.175 - - [28/Jul/2026:06:00:18 +0200] "GET / HTTP/1.1" 301 0 "-" "Mozilla/5.0 (X11; Linux x86_64) AppleWebKit/537.36 (KHTML, like Gecko) Chrome/44.0.2403.157 Safari/537.36"
94.136.190.175 - - [28/Jul/2026:06:00:19 +0200] "GET / HTTP/1.1" 200 14911 "http://94.136.190.175" "Mozilla/5.0 (X11; Linux x86_64) AppleWebKit/537.36 (KHTML, like Gecko) Chrome/44.0.2403.157 Safari/537.36"
94.136.190.175 - - [28/Jul/2026:06:14:13 +0200] "GET / HTTP/1.1" 301 0 "-" "Mozilla/5.0 (X11; Linux x86_64) AppleWebKit/537.36 (KHTML, like Gecko) Chrome/44.0.2403.157 Safari/537.36"
94.136.190.175 - - [28/Jul/2026:06:14:14 +0200] "GET / HTTP/1.1" 200 14911 "http://94.136.190.175" "Mozilla/5.0 (X11; Linux x86_64) AppleWebKit/537.36 (KHTML, like Gecko) Chrome/44.0.2403.157 Safari/537.36"
94.136.190.175 - - [28/Jul/2026:06:28:29 +0200] "GET / HTTP/1.1" 301 0 "-" "Mozilla/5.0 (X11; Linux x86_64) AppleWebKit/537.36 (KHTML, like Gecko) Chrome/44.0.2403.157 Safari/537.36"
94.136.190.175 - - [28/Jul/2026:06:28:31 +0200] "GET / HTTP/1.1" 200 14911 "http://94.136.190.175" "Mozilla/5.0 (X11; Linux x86_64) AppleWebKit/537.36 (KHTML, like Gecko) Chrome/44.0.2403.157 Safari/537.36"
216.73.216.143 - - [28/Jul/2026:06:42:03 +0200] "GET /robots.txt HTTP/1.1" 200 91 "-" "Mozilla/5.0 AppleWebKit/537.36 (KHTML, like Gecko; compatible; ClaudeBot/1.0; +claudebot@anthropic.com)"
216.73.216.143 - - [28/Jul/2026:06:42:05 +0200] "GET /sitemap.xml HTTP/1.1" 301 0 "-" "Mozilla/5.0 AppleWebKit/537.36 (KHTML, like Gecko; compatible; ClaudeBot/1.0; +claudebot@anthropic.com)"
216.73.216.143 - - [28/Jul/2026:06:42:06 +0200] "GET /wp-sitemap.xml HTTP/1.1" 200 258 "https://inteligent.gurumedia.store/sitemap.xml" "Mozilla/5.0 AppleWebKit/537.36 (KHTML, like Gecko; compatible; ClaudeBot/1.0; +claudebot@anthropic.com)"
94.136.190.175 - - [28/Jul/2026:06:42:15 +0200] "GET / HTTP/1.1" 301 0 "-" "Mozilla/5.0 (X11; Linux x86_64) AppleWebKit/537.36 (KHTML, like Gecko) Chrome/44.0.2403.157 Safari/537.36"
94.136.190.175 - - [28/Jul/2026:06:42:16 +0200] "GET / HTTP/1.1" 200 14911 "http://94.136.190.175" "Mozilla/5.0 (X11; Linux x86_64) AppleWebKit/537.36 (KHTML, like Gecko) Chrome/44.0.2403.157 Safari/537.36"
62.60.130.128 - - [28/Jul/2026:06:51:44 +0200] "GET / HTTP/1.1" 200 42156 "-" "python-requests/2.32.5"
62.60.130.128 - - [28/Jul/2026:06:51:45 +0200] "POST /wp-login.php HTTP/1.1" 200 2116 "https://inteligent.gurumedia.store/wp-login.php" "Mozilla/5.0 (Windows NT 6.1; Win64; x64; rv:92.0) Gecko/20100101 Firefox/92.0"
94.136.190.175 - - [28/Jul/2026:06:51:48 +0200] "POST /wp-admin/admin-ajax.php?action=as_async_request_queue_runner&nonce=6f4e8b3e80 HTTP/1.1" 499 0 "-" "WordPress/7.0; https://inteligent.gurumedia.store"
62.60.130.128 - - [28/Jul/2026:06:51:48 +0200] "GET /wp-admin/index.php HTTP/1.1" 200 60040 "https://inteligent.gurumedia.store/wp-login.php" "Mozilla/5.0 (Windows NT 10.0; Win64; x64) AppleWebKit/605.1.15 (KHTML, like Gecko) Version/15.0 Safari/605.1.15"
62.60.130.128 - - [28/Jul/2026:06:51:49 +0200] "GET /wp-admin/admin.php?page=wp_file_manager HTTP/1.1" 403 1168 "-" "Mozilla/5.0 (Windows NT 6.1; Win64; x64) AppleWebKit/537.36 (KHTML, like Gecko) Chrome/94.0.4606.71 Safari/537.36"
62.60.130.128 - - [28/Jul/2026:06:51:49 +0200] "GET /wp-admin/plugin-install.php?s=File+Manager&tab=search&type=term HTTP/1.1" 403 292 "-" "Mozilla/5.0 (Windows NT 6.1; Win64; x64; rv:92.0) Gecko/20100101 Firefox/92.0"
62.60.130.128 - - [28/Jul/2026:06:51:49 +0200] "GET /wp-admin/plugin-install.php?tab=upload HTTP/1.1" 403 292 "-" "Mozilla/5.0 (Macintosh; Intel Mac OS X 10_15_7; rv:90.0) Gecko/20100101 Firefox/90.0.1"
62.60.130.128 - - [28/Jul/2026:06:51:49 +0200] "GET /wp-admin/theme-install.php?tab=upload HTTP/1.1" 403 292 "-" "Mozilla/5.0 (Macintosh; Intel Mac OS X 10_15_7) AppleWebKit/537.36 (KHTML, like Gecko) Chrome/94.0.4606.71 Safari/537.36"
62.60.130.128 - - [28/Jul/2026:06:51:50 +0200] "GET /wp-admin/theme-editor.php?file=404.php HTTP/1.1" 403 292 "-" "Mozilla/5.0 (Windows NT 6.1; Win64; x64) AppleWebKit/537.36 (KHTML, like Gecko) Chrome/92.0.4515.131 Safari/537.36"
62.60.130.128 - - [28/Jul/2026:06:51:50 +0200] "GET /wp-admin/theme-editor.php?file=404.php HTTP/1.1" 403 292 "-" "Mozilla/5.0 (Macintosh; Intel Mac OS X 10_15_7) AppleWebKit/537.36 (KHTML, like Gecko) Chrome/94.0.4606.71 Safari/537.36"
62.60.130.128 - - [28/Jul/2026:06:52:25 +0200] "GET / HTTP/1.1" 200 42163 "-" "python-requests/2.32.5"
62.60.130.128 - - [28/Jul/2026:06:52:26 +0200] "POST /wp-login.php HTTP/1.1" 200 2116 "https://inteligent.gurumedia.store/wp-login.php" "Mozilla/5.0 (Windows NT 6.1; Win64; x64) AppleWebKit/537.36 (KHTML, like Gecko) Chrome/90.0.4430.212 Safari/537.36"
62.60.130.128 - - [28/Jul/2026:06:52:28 +0200] "GET /wp-admin/index.php HTTP/1.1" 200 60037 "https://inteligent.gurumedia.store/wp-login.php" "Mozilla/5.0 (Macintosh; Intel Mac OS X 10_15_7) AppleWebKit/605.1.15 (KHTML, like Gecko) Version/14.1 Safari/605.1.15"
62.60.130.128 - - [28/Jul/2026:06:52:29 +0200] "GET /wp-admin/admin.php?page=wp_file_manager HTTP/1.1" 403 1168 "-" "Mozilla/5.0 (Windows NT 6.1; Win64; x64) AppleWebKit/537.36 (KHTML, like Gecko) Chrome/90.0.4430.212 Safari/537.36"
62.60.130.128 - - [28/Jul/2026:06:52:29 +0200] "GET /wp-admin/plugin-install.php?s=File+Manager&tab=search&type=term HTTP/1.1" 403 292 "-" "Mozilla/5.0 (Windows NT 10.0; Win64; x64) AppleWebKit/605.1.15 (KHTML, like Gecko) Version/14.1.2 Safari/605.1.15"
62.60.130.128 - - [28/Jul/2026:06:52:29 +0200] "GET /wp-admin/plugin-install.php?tab=upload HTTP/1.1" 403 292 "-" "Mozilla/5.0 (Macintosh; Intel Mac OS X 10_15_7) AppleWebKit/605.1.15 (KHTML, like Gecko) Version/15.0 Safari/605.1.15"
62.60.130.128 - - [28/Jul/2026:06:52:29 +0200] "GET /wp-admin/theme-install.php?tab=upload HTTP/1.1" 403 292 "-" "Mozilla/5.0 (Macintosh; Intel Mac OS X 10_15_7) AppleWebKit/605.1.15 (KHTML, like Gecko) Version/14.1.2 Safari/605.1.15"
62.60.130.128 - - [28/Jul/2026:06:52:29 +0200] "GET /wp-admin/theme-editor.php?file=404.php HTTP/1.1" 403 292 "-" "Mozilla/5.0 (X11; Linux x86_64) AppleWebKit/537.36 (KHTML, like Gecko) Chrome/94.0.4606.71 Safari/537.36"
62.60.130.128 - - [28/Jul/2026:06:52:29 +0200] "GET /wp-admin/theme-editor.php?file=404.php HTTP/1.1" 403 292 "-" "Mozilla/5.0 (Macintosh; Intel Mac OS X 10_15_7) AppleWebKit/605.1.15 (KHTML, like Gecko) Version/14.1 Safari/605.1.15"
94.136.190.175 - - [28/Jul/2026:06:56:14 +0200] "GET / HTTP/1.1" 301 0 "-" "Mozilla/5.0 (X11; Linux x86_64) AppleWebKit/537.36 (KHTML, like Gecko) Chrome/44.0.2403.157 Safari/537.36"
94.136.190.175 - - [28/Jul/2026:06:56:15 +0200] "GET / HTTP/1.1" 200 14911 "http://94.136.190.175" "Mozilla/5.0 (X11; Linux x86_64) AppleWebKit/537.36 (KHTML, like Gecko) Chrome/44.0.2403.157 Safari/537.36"
94.136.190.175 - - [28/Jul/2026:07:00:27 +0200] "GET / HTTP/1.1" 301 0 "-" "Mozilla/5.0 (X11; Linux x86_64) AppleWebKit/537.36 (KHTML, like Gecko) Chrome/44.0.2403.157 Safari/537.36"
94.136.190.175 - - [28/Jul/2026:07:00:28 +0200] "GET / HTTP/1.1" 200 14911 "http://94.136.190.175" "Mozilla/5.0 (X11; Linux x86_64) AppleWebKit/537.36 (KHTML, like Gecko) Chrome/44.0.2403.157 Safari/537.36"
168.144.130.38 - - [28/Jul/2026:07:02:21 +0200] "POST /?rest_route=/batch/v1 HTTP/1.1" 207 463062 "-" "cve-2026-63030/1.0"
13.229.54.21 - - [28/Jul/2026:07:02:23 +0200] "GET /?rest_route=%2Fwp%2Fv2%2Fposts&per_page=1&_fields=link HTTP/1.1" 200 91 "-" "cve-2026-63030/1.0"
168.144.130.38 - - [28/Jul/2026:07:02:25 +0200] "POST /?rest_route=/batch/v1 HTTP/1.1" 207 829 "-" "cve-2026-63030/1.0"
168.144.130.38 - - [28/Jul/2026:07:02:28 +0200] "POST /?rest_route=/batch/v1 HTTP/1.1" 207 463312 "-" "cve-2026-63030/1.0"
168.144.130.38 - - [28/Jul/2026:07:02:31 +0200] "POST /?rest_route=/batch/v1 HTTP/1.1" 207 463307 "-" "cve-2026-63030/1.0"
168.144.130.38 - - [28/Jul/2026:07:02:35 +0200] "POST /?rest_route=/batch/v1 HTTP/1.1" 207 463250 "-" "cve-2026-63030/1.0"
168.144.130.38 - - [28/Jul/2026:07:02:38 +0200] "POST /?rest_route=/batch/v1 HTTP/1.1" 207 463259 "-" "cve-2026-63030/1.0"
168.144.130.38 - - [28/Jul/2026:07:02:41 +0200] "POST /?rest_route=/batch/v1 HTTP/1.1" 207 463259 "-" "cve-2026-63030/1.0"
168.144.130.38 - - [28/Jul/2026:07:02:45 +0200] "POST /?rest_route=/batch/v1 HTTP/1.1" 207 5456 "-" "cve-2026-63030/1.0"
168.144.130.38 - - [28/Jul/2026:07:02:46 +0200] "GET /wp-login.php HTTP/1.1" 200 1965 "-" "Mozilla/5.0 (Windows NT 10.0; Win64; x64) AppleWebKit/537.36"
168.144.130.38 - - [28/Jul/2026:07:02:47 +0200] "POST /wp-login.php HTTP/1.1" 302 0 "-" "Mozilla/5.0 (Windows NT 10.0; Win64; x64) AppleWebKit/537.36"
168.144.130.38 - - [28/Jul/2026:07:02:48 +0200] "GET /wp-admin/ HTTP/1.1" 200 59964 "-" "Mozilla/5.0 (Windows NT 10.0; Win64; x64) AppleWebKit/537.36"
168.144.130.38 - - [28/Jul/2026:07:02:50 +0200] "GET /wp-admin/plugin-install.php?tab=upload HTTP/1.1" 403 292 "-" "Mozilla/5.0 (Windows NT 10.0; Win64; x64) AppleWebKit/537.36"
168.144.130.38 - - [28/Jul/2026:07:02:50 +0200] "POST /wp-admin/update.php?action=upload-plugin HTTP/1.1" 403 292 "-" "Mozilla/5.0 (Windows NT 10.0; Win64; x64) AppleWebKit/537.36"
94.136.190.175 - - [28/Jul/2026:07:14:17 +0200] "GET / HTTP/1.1" 301 0 "-" "Mozilla/5.0 (X11; Linux x86_64) AppleWebKit/537.36 (KHTML, like Gecko) Chrome/44.0.2403.157 Safari/537.36"
94.136.190.175 - - [28/Jul/2026:07:14:18 +0200] "GET / HTTP/1.1" 200 14911 "http://94.136.190.175" "Mozilla/5.0 (X11; Linux x86_64) AppleWebKit/537.36 (KHTML, like Gecko) Chrome/44.0.2403.157 Safari/537.36"
103.217.111.134 - - [28/Jul/2026:07:22:41 +0200] "GET /wp-admin/options-general.php?highlight=confirm_admin_email HTTP/1.1" 302 0 "-" "Mozilla/5.0 (Windows NT 10.0; Win64; x64) AppleWebKit/537.36 (KHTML, like Gecko) Chrome/150.0.0.0 Safari/537.36"
103.217.111.134 - - [28/Jul/2026:07:22:41 +0200] "GET /wp-login.php?redirect_to=https%3A%2F%2Finteligent.gurumedia.store%2Fwp-admin%2Foptions-general.php%3Fhighlight%3Dconfirm_admin_email&reauth=1 HTTP/1.1" 200 1997 "-" "Mozilla/5.0 (Windows NT 10.0; Win64; x64) AppleWebKit/537.36 (KHTML, like Gecko) Chrome/150.0.0.0 Safari/537.36"
103.217.111.134 - - [28/Jul/2026:07:23:58 +0200] "POST /wp-login.php HTTP/1.1" 302 0 "https://inteligent.gurumedia.store/wp-login.php?redirect_to=https%3A%2F%2Finteligent.gurumedia.store%2Fwp-admin%2Foptions-general.php%3Fhighlight%3Dconfirm_admin_email&reauth=1" "Mozilla/5.0 (Windows NT 10.0; Win64; x64) AppleWebKit/537.36 (KHTML, like Gecko) Chrome/150.0.0.0 Safari/537.36"
103.217.111.134 - - [28/Jul/2026:07:24:00 +0200] "GET /wp-admin/options-general.php?highlight=confirm_admin_email HTTP/1.1" 200 74984 "https://inteligent.gurumedia.store/wp-login.php?redirect_to=https%3A%2F%2Finteligent.gurumedia.store%2Fwp-admin%2Foptions-general.php%3Fhighlight%3Dconfirm_admin_email&reauth=1" "Mozilla/5.0 (Windows NT 10.0; Win64; x64) AppleWebKit/537.36 (KHTML, like Gecko) Chrome/150.0.0.0 Safari/537.36"
103.217.111.134 - - [28/Jul/2026:07:26:03 +0200] "POST /wp-admin/admin-ajax.php HTTP/1.1" 200 58 "https://inteligent.gurumedia.store/wp-admin/options-general.php?highlight=confirm_admin_email" "Mozilla/5.0 (Windows NT 10.0; Win64; x64) AppleWebKit/537.36 (KHTML, like Gecko) Chrome/150.0.0.0 Safari/537.36"
103.217.111.134 - - [28/Jul/2026:07:28:04 +0200] "POST /wp-admin/admin-ajax.php HTTP/1.1" 200 58 "https://inteligent.gurumedia.store/wp-admin/options-general.php?highlight=confirm_admin_email" "Mozilla/5.0 (Windows NT 10.0; Win64; x64) AppleWebKit/537.36 (KHTML, like Gecko) Chrome/150.0.0.0 Safari/537.36"
94.136.190.175 - - [28/Jul/2026:07:28:33 +0200] "GET / HTTP/1.1" 301 0 "-" "Mozilla/5.0 (X11; Linux x86_64) AppleWebKit/537.36 (KHTML, like Gecko) Chrome/44.0.2403.157 Safari/537.36"
94.136.190.175 - - [28/Jul/2026:07:28:34 +0200] "GET / HTTP/1.1" 200 42232 "http://94.136.190.175" "Mozilla/5.0 (X11; Linux x86_64) AppleWebKit/537.36 (KHTML, like Gecko) Chrome/44.0.2403.157 Safari/537.36"
103.217.111.134 - - [28/Jul/2026:07:30:07 +0200] "POST /wp-admin/admin-ajax.php HTTP/1.1" 200 58 "https://inteligent.gurumedia.store/wp-admin/options-general.php?highlight=confirm_admin_email" "Mozilla/5.0 (Windows NT 10.0; Win64; x64) AppleWebKit/537.36 (KHTML, like Gecko) Chrome/150.0.0.0 Safari/537.36"
103.217.111.134 - - [28/Jul/2026:07:32:06 +0200] "POST /wp-admin/admin-ajax.php HTTP/1.1" 200 58 "https://inteligent.gurumedia.store/wp-admin/options-general.php?highlight=confirm_admin_email" "Mozilla/5.0 (Windows NT 10.0; Win64; x64) AppleWebKit/537.36 (KHTML, like Gecko) Chrome/150.0.0.0 Safari/537.36"
103.217.111.134 - - [28/Jul/2026:07:34:07 +0200] "POST /wp-admin/admin-ajax.php HTTP/1.1" 200 58 "https://inteligent.gurumedia.store/wp-admin/options-general.php?highlight=confirm_admin_email" "Mozilla/5.0 (Windows NT 10.0; Win64; x64) AppleWebKit/537.36 (KHTML, like Gecko) Chrome/150.0.0.0 Safari/537.36"
103.217.111.134 - - [28/Jul/2026:07:36:08 +0200] "POST /wp-admin/admin-ajax.php HTTP/1.1" 200 58 "https://inteligent.gurumedia.store/wp-admin/options-general.php?highlight=confirm_admin_email" "Mozilla/5.0 (Windows NT 10.0; Win64; x64) AppleWebKit/537.36 (KHTML, like Gecko) Chrome/150.0.0.0 Safari/537.36"
103.217.111.134 - - [28/Jul/2026:07:38:09 +0200] "POST /wp-admin/admin-ajax.php HTTP/1.1" 200 58 "https://inteligent.gurumedia.store/wp-admin/options-general.php?highlight=confirm_admin_email" "Mozilla/5.0 (Windows NT 10.0; Win64; x64) AppleWebKit/537.36 (KHTML, like Gecko) Chrome/150.0.0.0 Safari/537.36"
103.217.111.134 - - [28/Jul/2026:07:40:10 +0200] "POST /wp-admin/admin-ajax.php HTTP/1.1" 200 58 "https://inteligent.gurumedia.store/wp-admin/options-general.php?highlight=confirm_admin_email" "Mozilla/5.0 (Windows NT 10.0; Win64; x64) AppleWebKit/537.36 (KHTML, like Gecko) Chrome/150.0.0.0 Safari/537.36"
69.63.184.22 - - [28/Jul/2026:07:40:53 +0200] "GET /robots.txt HTTP/1.1" 206 91 "-" "facebookexternalhit/1.1 (+http://www.facebook.com/externalhit_uatext.php)"
69.63.184.5 - - [28/Jul/2026:07:40:54 +0200] "GET /robots.txt HTTP/1.1" 206 91 "-" "facebookexternalhit/1.1 (+http://www.facebook.com/externalhit_uatext.php)"
69.63.184.26 - - [28/Jul/2026:07:40:54 +0200] "GET /robots.txt HTTP/1.1" 206 91 "-" "facebookexternalhit/1.1 (+http://www.facebook.com/externalhit_uatext.php)"
69.63.184.5 - - [28/Jul/2026:07:40:55 +0200] "GET /robots.txt HTTP/1.1" 206 91 "-" "facebookexternalhit/1.1 (+http://www.facebook.com/externalhit_uatext.php)"
57.141.0.58 - - [28/Jul/2026:07:40:57 +0200] "GET /step/thank-you-woo-2-2/ HTTP/1.1" 500 2576 "-" "Mozilla/5.0 (Macintosh; Intel Mac OS X 10_15_7) AppleWebKit/537.36 (KHTML, like Gecko) Chrome/145.0.0.0 Safari/537.36 (compatible; meta-externalagent/1.1 (+https://developers.facebook.com/docs/sharing/webmasters/crawler))"
103.217.111.134 - - [28/Jul/2026:07:42:11 +0200] "POST /wp-admin/admin-ajax.php HTTP/1.1" 200 58 "https://inteligent.gurumedia.store/wp-admin/options-general.php?highlight=confirm_admin_email" "Mozilla/5.0 (Windows NT 10.0; Win64; x64) AppleWebKit/537.36 (KHTML, like Gecko) Chrome/150.0.0.0 Safari/537.36"
94.136.190.175 - - [28/Jul/2026:07:42:16 +0200] "GET / HTTP/1.1" 301 0 "-" "Mozilla/5.0 (X11; Linux x86_64) AppleWebKit/537.36 (KHTML, like Gecko) Chrome/44.0.2403.157 Safari/537.36"
94.136.190.175 - - [28/Jul/2026:07:42:17 +0200] "GET / HTTP/1.1" 200 14911 "http://94.136.190.175" "Mozilla/5.0 (X11; Linux x86_64) AppleWebKit/537.36 (KHTML, like Gecko) Chrome/44.0.2403.157 Safari/537.36"
103.217.111.134 - - [28/Jul/2026:07:44:12 +0200] "POST /wp-admin/admin-ajax.php HTTP/1.1" 200 58 "https://inteligent.gurumedia.store/wp-admin/options-general.php?highlight=confirm_admin_email" "Mozilla/5.0 (Windows NT 10.0; Win64; x64) AppleWebKit/537.36 (KHTML, like Gecko) Chrome/150.0.0.0 Safari/537.36"
103.217.111.134 - - [28/Jul/2026:07:46:13 +0200] "POST /wp-admin/admin-ajax.php HTTP/1.1" 200 58 "https://inteligent.gurumedia.store/wp-admin/options-general.php?highlight=confirm_admin_email" "Mozilla/5.0 (Windows NT 10.0; Win64; x64) AppleWebKit/537.36 (KHTML, like Gecko) Chrome/150.0.0.0 Safari/537.36"
94.136.190.175 - - [28/Jul/2026:07:56:15 +0200] "GET / HTTP/1.1" 301 0 "-" "Mozilla/5.0 (X11; Linux x86_64) AppleWebKit/537.36 (KHTML, like Gecko) Chrome/44.0.2403.157 Safari/537.36"
94.136.190.175 - - [28/Jul/2026:07:56:17 +0200] "GET / HTTP/1.1" 200 14911 "http://94.136.190.175" "Mozilla/5.0 (X11; Linux x86_64) AppleWebKit/537.36 (KHTML, like Gecko) Chrome/44.0.2403.157 Safari/537.36"
94.136.190.175 - - [28/Jul/2026:08:00:23 +0200] "GET / HTTP/1.1" 301 0 "-" "Mozilla/5.0 (X11; Linux x86_64) AppleWebKit/537.36 (KHTML, like Gecko) Chrome/44.0.2403.157 Safari/537.36"
94.136.190.175 - - [28/Jul/2026:08:00:24 +0200] "GET / HTTP/1.1" 200 14911 "http://94.136.190.175" "Mozilla/5.0 (X11; Linux x86_64) AppleWebKit/537.36 (KHTML, like Gecko) Chrome/44.0.2403.157 Safari/537.36"
168.144.130.38 - - [28/Jul/2026:08:03:45 +0200] "POST /?rest_route=/batch/v1 HTTP/1.1" 207 463062 "-" "cve-2026-63030/1.0"
13.229.54.21 - - [28/Jul/2026:08:03:47 +0200] "GET /?rest_route=%2Fwp%2Fv2%2Fposts&per_page=1&_fields=link HTTP/1.1" 200 91 "-" "cve-2026-63030/1.0"
168.144.130.38 - - [28/Jul/2026:08:03:48 +0200] "POST /?rest_route=/batch/v1 HTTP/1.1" 207 829 "-" "cve-2026-63030/1.0"
168.144.130.38 - - [28/Jul/2026:08:03:51 +0200] "POST /?rest_route=/batch/v1 HTTP/1.1" 207 463254 "-" "cve-2026-63030/1.0"
168.144.130.38 - - [28/Jul/2026:08:03:54 +0200] "POST /?rest_route=/batch/v1 HTTP/1.1" 207 463316 "-" "cve-2026-63030/1.0"
168.144.130.38 - - [28/Jul/2026:08:03:57 +0200] "POST /?rest_route=/batch/v1 HTTP/1.1" 207 463250 "-" "cve-2026-63030/1.0"
168.144.130.38 - - [28/Jul/2026:08:04:00 +0200] "POST /?rest_route=/batch/v1 HTTP/1.1" 207 463250 "-" "cve-2026-63030/1.0"
168.144.130.38 - - [28/Jul/2026:08:04:05 +0200] "POST /?rest_route=/batch/v1 HTTP/1.1" 207 463250 "-" "cve-2026-63030/1.0"
168.144.130.38 - - [28/Jul/2026:08:04:08 +0200] "POST /?rest_route=/batch/v1 HTTP/1.1" 207 5456 "-" "cve-2026-63030/1.0"
168.144.130.38 - - [28/Jul/2026:08:04:09 +0200] "POST /wp-login.php HTTP/1.1" 302 0 "-" "Mozilla/5.0 (Windows NT 10.0; Win64; x64) AppleWebKit/537.36"
168.144.130.38 - - [28/Jul/2026:08:04:11 +0200] "GET /wp-login.php HTTP/1.1" 200 1965 "-" "Mozilla/5.0 (Windows NT 10.0; Win64; x64) AppleWebKit/537.36"
168.144.130.38 - - [28/Jul/2026:08:04:12 +0200] "GET /wp-login.php HTTP/1.1" 302 0 "-" "Mozilla/5.0 (Windows NT 10.0; Win64; x64) AppleWebKit/537.36"
168.144.130.38 - - [28/Jul/2026:08:04:13 +0200] "GET /wp-login.php HTTP/1.1" 200 1965 "-" "Mozilla/5.0 (Windows NT 10.0; Win64; x64) AppleWebKit/537.36"
168.144.130.38 - - [28/Jul/2026:08:04:14 +0200] "POST /wp-login.php HTTP/1.1" 302 0 "-" "Mozilla/5.0 (Windows NT 10.0; Win64; x64) AppleWebKit/537.36"
168.144.130.38 - - [28/Jul/2026:08:04:16 +0200] "GET /wp-login.php HTTP/1.1" 200 1965 "-" "Mozilla/5.0 (Windows NT 10.0; Win64; x64) AppleWebKit/537.36"
94.136.190.175 - - [28/Jul/2026:08:14:17 +0200] "GET / HTTP/1.1" 301 0 "-" "Mozilla/5.0 (X11; Linux x86_64) AppleWebKit/537.36 (KHTML, like Gecko) Chrome/44.0.2403.157 Safari/537.36"
