HEX
Server: Apache/2.4.58 (Ubuntu)
System: Linux vmi3050980 6.8.0-90-generic #91-Ubuntu SMP PREEMPT_DYNAMIC Tue Nov 18 14:14:30 UTC 2025 x86_64
User: gurumedia_st_usr (1012)
PHP: 8.3.6
Disabled: NONE
Upload Files
File: /var/www/gurumedia_st_usr/data/logs/inteligent.gurumedia.store-backend.access.log
94.136.190.175 - - [29/Jul/2026:00:00:32 +0200] "GET / HTTP/1.1" 301 890 "-" "Mozilla/5.0 (X11; Linux x86_64) AppleWebKit/537.36 (KHTML, like Gecko) Chrome/44.0.2403.157 Safari/537.36"
103.174.153.22 - - [29/Jul/2026:00:07:51 +0200] "GET /wp-admin/admin-ajax.php HTTP/1.1" 400 355 "-" "WordPress/7.0.2; https://inteligent.gurumedia.store"
94.136.190.175 - - [29/Jul/2026:00:07:51 +0200] "POST /wp-admin/admin-ajax.php?action=as_async_request_queue_runner&nonce=2fc18024ee HTTP/1.1" 200 469 "-" "WordPress/7.0; https://inteligent.gurumedia.store"
103.174.153.22 - - [29/Jul/2026:00:07:59 +0200] "GET /wp-admin/admin-ajax.php HTTP/1.1" 400 355 "-" "WordPress/7.0.2; https://inteligent.gurumedia.store"
103.174.153.22 - - [29/Jul/2026:00:08:07 +0200] "GET /wp-admin/admin-ajax.php HTTP/1.1" 400 355 "-" "WordPress/7.0.2; https://inteligent.gurumedia.store"
103.174.153.22 - - [29/Jul/2026:00:08:15 +0200] "GET /wp-admin/admin-ajax.php HTTP/1.1" 400 355 "-" "WordPress/7.0.2; https://inteligent.gurumedia.store"
94.136.190.175 - - [29/Jul/2026:00:14:14 +0200] "GET / HTTP/1.1" 301 890 "-" "Mozilla/5.0 (X11; Linux x86_64) AppleWebKit/537.36 (KHTML, like Gecko) Chrome/44.0.2403.157 Safari/537.36"
94.136.190.175 - - [29/Jul/2026:00:14:14 +0200] "GET / HTTP/1.1" 200 39858 "http://94.136.190.175" "Mozilla/5.0 (X11; Linux x86_64) AppleWebKit/537.36 (KHTML, like Gecko) Chrome/44.0.2403.157 Safari/537.36"
94.154.43.179 - - [29/Jul/2026:00:14:44 +0200] "GET /.env HTTP/1.1" 404 31850 "-" "Mozilla/5.0 (Windows NT 10.0; Win64; x64) AppleWebKit/537.36 (KHTML, like Gecko) Chrome/147.0.0.0 Safari/537.36"
94.136.190.175 - - [29/Jul/2026:00:28:20 +0200] "GET / HTTP/1.1" 301 890 "-" "Mozilla/5.0 (X11; Linux x86_64) AppleWebKit/537.36 (KHTML, like Gecko) Chrome/44.0.2403.157 Safari/537.36"
94.136.190.175 - - [29/Jul/2026:00:28:21 +0200] "GET / HTTP/1.1" 200 41087 "http://94.136.190.175" "Mozilla/5.0 (X11; Linux x86_64) AppleWebKit/537.36 (KHTML, like Gecko) Chrome/44.0.2403.157 Safari/537.36"
45.227.253.15 - - [29/Jul/2026:00:33:03 +0200] "GET /index.php/jk HTTP/1.1" 200 279 "-" "Mozilla/5.0 (Windows NT 10.0; Win64; x64) AppleWebKit/537.36 (KHTML, like Gecko) Chrome/79.0.3970 Safari/537.36 Edg/79.0.143.5"
94.136.190.175 - - [29/Jul/2026:00:42:13 +0200] "GET / HTTP/1.1" 301 890 "-" "Mozilla/5.0 (X11; Linux x86_64) AppleWebKit/537.36 (KHTML, like Gecko) Chrome/44.0.2403.157 Safari/537.36"
94.136.190.175 - - [29/Jul/2026:00:42:14 +0200] "GET / HTTP/1.1" 200 41086 "http://94.136.190.175" "Mozilla/5.0 (X11; Linux x86_64) AppleWebKit/537.36 (KHTML, like Gecko) Chrome/44.0.2403.157 Safari/537.36"
94.136.190.175 - - [29/Jul/2026:00:56:12 +0200] "GET / HTTP/1.1" 301 890 "-" "Mozilla/5.0 (X11; Linux x86_64) AppleWebKit/537.36 (KHTML, like Gecko) Chrome/44.0.2403.157 Safari/537.36"
94.136.190.175 - - [29/Jul/2026:00:56:13 +0200] "GET / HTTP/1.1" 200 43696 "http://94.136.190.175" "Mozilla/5.0 (X11; Linux x86_64) AppleWebKit/537.36 (KHTML, like Gecko) Chrome/44.0.2403.157 Safari/537.36"
94.136.190.175 - - [29/Jul/2026:01:00:18 +0200] "GET / HTTP/1.1" 301 890 "-" "Mozilla/5.0 (X11; Linux x86_64) AppleWebKit/537.36 (KHTML, like Gecko) Chrome/44.0.2403.157 Safari/537.36"
94.136.190.175 - - [29/Jul/2026:01:00:19 +0200] "GET / HTTP/1.1" 200 41087 "http://94.136.190.175" "Mozilla/5.0 (X11; Linux x86_64) AppleWebKit/537.36 (KHTML, like Gecko) Chrome/44.0.2403.157 Safari/537.36"
94.136.190.175 - - [29/Jul/2026:01:14:11 +0200] "GET / HTTP/1.1" 301 890 "-" "Mozilla/5.0 (X11; Linux x86_64) AppleWebKit/537.36 (KHTML, like Gecko) Chrome/44.0.2403.157 Safari/537.36"
94.136.190.175 - - [29/Jul/2026:01:14:12 +0200] "GET / HTTP/1.1" 200 43697 "http://94.136.190.175" "Mozilla/5.0 (X11; Linux x86_64) AppleWebKit/537.36 (KHTML, like Gecko) Chrome/44.0.2403.157 Safari/537.36"
94.136.190.175 - - [29/Jul/2026:01:28:20 +0200] "GET / HTTP/1.1" 301 890 "-" "Mozilla/5.0 (X11; Linux x86_64) AppleWebKit/537.36 (KHTML, like Gecko) Chrome/44.0.2403.157 Safari/537.36"
94.136.190.175 - - [29/Jul/2026:01:28:21 +0200] "GET / HTTP/1.1" 200 43695 "http://94.136.190.175" "Mozilla/5.0 (X11; Linux x86_64) AppleWebKit/537.36 (KHTML, like Gecko) Chrome/44.0.2403.157 Safari/537.36"
57.141.0.32 - - [29/Jul/2026:01:33:39 +0200] "GET /wp-sitemap-taxonomies-product_cat-1.xml HTTP/1.1" 200 471 "-" "Mozilla/5.0 (Macintosh; Intel Mac OS X 10_15_7) AppleWebKit/537.36 (KHTML, like Gecko) Chrome/145.0.0.0 Safari/537.36 (compatible; meta-externalagent/1.1 (+https://developers.facebook.com/docs/sharing/webmasters/crawler))"
216.73.216.17 - - [29/Jul/2026:01:39:20 +0200] "GET /sitemap.xml HTTP/1.1" 301 302 "-" "Mozilla/5.0 AppleWebKit/537.36 (KHTML, like Gecko; compatible; ClaudeBot/1.0; +claudebot@anthropic.com)"
216.73.216.17 - - [29/Jul/2026:01:39:21 +0200] "GET /wp-sitemap.xml HTTP/1.1" 200 513 "https://inteligent.gurumedia.store/sitemap.xml" "Mozilla/5.0 AppleWebKit/537.36 (KHTML, like Gecko; compatible; ClaudeBot/1.0; +claudebot@anthropic.com)"
94.136.190.175 - - [29/Jul/2026:01:42:12 +0200] "GET / HTTP/1.1" 301 890 "-" "Mozilla/5.0 (X11; Linux x86_64) AppleWebKit/537.36 (KHTML, like Gecko) Chrome/44.0.2403.157 Safari/537.36"
94.136.190.175 - - [29/Jul/2026:01:42:12 +0200] "GET / HTTP/1.1" 200 43696 "http://94.136.190.175" "Mozilla/5.0 (X11; Linux x86_64) AppleWebKit/537.36 (KHTML, like Gecko) Chrome/44.0.2403.157 Safari/537.36"
57.141.0.7 - - [29/Jul/2026:01:47:07 +0200] "GET /wp-sitemap-users-1.xml HTTP/1.1" 200 471 "-" "Mozilla/5.0 (Windows NT 10.0; Win64; x64) AppleWebKit/537.36 (KHTML, like Gecko) Chrome/145.0.0.0 Safari/537.36 (compatible; meta-externalagent/1.1 (+https://developers.facebook.com/docs/sharing/webmasters/crawler))"
57.141.0.15 - - [29/Jul/2026:01:47:18 +0200] "GET /author/wp2_16b4314fe613/ HTTP/1.1" 200 9856 "-" "Mozilla/5.0 (Windows NT 10.0; Win64; x64) AppleWebKit/537.36 (KHTML, like Gecko) Chrome/145.0.0.0 Safari/537.36 (compatible; meta-externalagent/1.1 (+https://developers.facebook.com/docs/sharing/webmasters/crawler))"
57.141.0.32 - - [29/Jul/2026:01:47:57 +0200] "GET /2026/07/28/coronavirus-disease-2019/ HTTP/1.1" 200 11182 "-" "Mozilla/5.0 (Windows NT 10.0; Win64; x64) AppleWebKit/537.36 (KHTML, like Gecko) Chrome/145.0.0.0 Safari/537.36 (compatible; meta-externalagent/1.1 (+https://developers.facebook.com/docs/sharing/webmasters/crawler))"
94.136.190.175 - - [29/Jul/2026:01:56:12 +0200] "GET / HTTP/1.1" 301 890 "-" "Mozilla/5.0 (X11; Linux x86_64) AppleWebKit/537.36 (KHTML, like Gecko) Chrome/44.0.2403.157 Safari/537.36"
94.136.190.175 - - [29/Jul/2026:01:56:12 +0200] "GET / HTTP/1.1" 200 41087 "http://94.136.190.175" "Mozilla/5.0 (X11; Linux x86_64) AppleWebKit/537.36 (KHTML, like Gecko) Chrome/44.0.2403.157 Safari/537.36"
94.136.190.175 - - [29/Jul/2026:02:00:15 +0200] "GET / HTTP/1.1" 301 890 "-" "Mozilla/5.0 (X11; Linux x86_64) AppleWebKit/537.36 (KHTML, like Gecko) Chrome/44.0.2403.157 Safari/537.36"
94.136.190.175 - - [29/Jul/2026:02:00:16 +0200] "GET / HTTP/1.1" 200 41087 "http://94.136.190.175" "Mozilla/5.0 (X11; Linux x86_64) AppleWebKit/537.36 (KHTML, like Gecko) Chrome/44.0.2403.157 Safari/537.36"
94.136.190.175 - - [29/Jul/2026:02:14:12 +0200] "GET / HTTP/1.1" 301 890 "-" "Mozilla/5.0 (X11; Linux x86_64) AppleWebKit/537.36 (KHTML, like Gecko) Chrome/44.0.2403.157 Safari/537.36"
94.136.190.175 - - [29/Jul/2026:02:14:12 +0200] "GET / HTTP/1.1" 200 41086 "http://94.136.190.175" "Mozilla/5.0 (X11; Linux x86_64) AppleWebKit/537.36 (KHTML, like Gecko) Chrome/44.0.2403.157 Safari/537.36"
185.223.152.93 - - [29/Jul/2026:02:28:01 +0200] "HEAD / HTTP/1.1" 200 1144 "https://inteligent.gurumedia.store/" "Mozilla/5.0 (Windows NT 10.0; Win64; x64) AppleWebKit/537.36 (KHTML, like Gecko) Chrome/91.0.4472.124 Safari/537.36"
185.223.152.105 - - [29/Jul/2026:02:28:03 +0200] "HEAD / HTTP/1.1" 301 871 "https://inteligent.gurumedia.store/" "Mozilla/5.0 (Windows NT 10.0; Win64; x64) AppleWebKit/537.36 (KHTML, like Gecko) Chrome/91.0.4472.124 Safari/537.36"
185.223.152.106 - - [29/Jul/2026:02:28:06 +0200] "HEAD / HTTP/1.1" 200 830 "https://inteligent.gurumedia.store/" "Mozilla/5.0 (Windows NT 10.0; Win64; x64) AppleWebKit/537.36 (KHTML, like Gecko) Chrome/91.0.4472.124 Safari/537.36"
185.223.152.101 - - [29/Jul/2026:02:28:08 +0200] "POST /wp-login.php HTTP/1.1" 200 2616 "https://www.google.com/" "Mozilla/5.0 (Windows NT 10.0; Win64; x64) AppleWebKit/537.36 (KHTML, like Gecko) Chrome/91.0.4472.124 Safari/537.36"
185.223.152.101 - - [29/Jul/2026:02:28:09 +0200] "POST /wp-login.php HTTP/1.1" 302 1433 "https://inteligent.gurumedia.store/wp-admin/" "Mozilla/5.0 (Windows NT 10.0; Win64; x64) AppleWebKit/537.36 (KHTML, like Gecko) Chrome/90.0.4430.85 Safari/537.36"
185.223.152.101 - - [29/Jul/2026:02:28:10 +0200] "GET /wp-admin/ HTTP/1.1" 200 60850 "https://inteligent.gurumedia.store/wp-admin/" "Mozilla/5.0 (Windows NT 10.0; Win64; x64) AppleWebKit/537.36 (KHTML, like Gecko) Chrome/90.0.4430.85 Safari/537.36"
185.223.152.101 - - [29/Jul/2026:02:28:13 +0200] "GET /wp-admin/ HTTP/1.1" 200 60777 "https://www.google.com/" "Mozilla/5.0 (Windows NT 10.0; Win64; x64) AppleWebKit/537.36 (KHTML, like Gecko) Chrome/91.0.4472.124 Safari/537.36"
94.136.190.175 - - [29/Jul/2026:02:28:12 +0200] "POST /wp-admin/admin-ajax.php?action=as_async_request_queue_runner&nonce=9d151c8cbf HTTP/1.1" 200 469 "-" "WordPress/7.0; https://inteligent.gurumedia.store"
185.223.152.101 - - [29/Jul/2026:02:28:19 +0200] "GET /wp-admin/plugin-install.php?tab=upload HTTP/1.1" 403 453 "https://www.google.com/" "Mozilla/5.0 (Windows NT 10.0; Win64; x64) AppleWebKit/537.36 (KHTML, like Gecko) Chrome/91.0.4472.124 Safari/537.36"
185.223.152.101 - - [29/Jul/2026:02:28:19 +0200] "GET /wp-admin/ HTTP/1.1" 200 60751 "-" "Mozilla/5.0 (Windows NT 10.0; Win64; x64) AppleWebKit/537.36 (KHTML, like Gecko) Chrome/133.0.0.0 Safari/537.36"
94.136.190.175 - - [29/Jul/2026:02:28:21 +0200] "GET / HTTP/1.1" 301 890 "-" "Mozilla/5.0 (X11; Linux x86_64) AppleWebKit/537.36 (KHTML, like Gecko) Chrome/44.0.2403.157 Safari/537.36"
94.136.190.175 - - [29/Jul/2026:02:28:22 +0200] "GET / HTTP/1.1" 200 41086 "http://94.136.190.175" "Mozilla/5.0 (X11; Linux x86_64) AppleWebKit/537.36 (KHTML, like Gecko) Chrome/44.0.2403.157 Safari/537.36"
185.223.152.101 - - [29/Jul/2026:02:28:22 +0200] "POST /wp-admin/admin-ajax.php HTTP/1.1" 200 754 "-" "Mozilla/5.0 (Windows NT 10.0; Win64; x64) AppleWebKit/537.36 (KHTML, like Gecko) Chrome/133.0.0.0 Safari/537.36"
185.223.152.101 - - [29/Jul/2026:02:28:29 +0200] "POST /wp-admin/admin-ajax.php HTTP/1.1" 200 838 "-" "Mozilla/5.0 (Windows NT 10.0; Win64; x64) AppleWebKit/537.36 (KHTML, like Gecko) Chrome/133.0.0.0 Safari/537.36"
185.223.152.101 - - [29/Jul/2026:02:28:29 +0200] "GET /wp-admin/plugins.php HTTP/1.1" 200 62347 "-" "Mozilla/5.0 (Windows NT 10.0; Win64; x64) AppleWebKit/537.36 (KHTML, like Gecko) Chrome/133.0.0.0 Safari/537.36"
185.223.152.101 - - [29/Jul/2026:02:28:35 +0200] "GET /wp-admin/plugins.php?action=activate&plugin=wp-file-manager%2Ffile_folder_manager.php&plugin_status=all&paged=1&s&_wpnonce=a30b5cdf0e HTTP/1.1" 302 693 "-" "Mozilla/5.0 (Windows NT 10.0; Win64; x64) AppleWebKit/537.36 (KHTML, like Gecko) Chrome/133.0.0.0 Safari/537.36"
185.223.152.101 - - [29/Jul/2026:02:28:37 +0200] "GET /wp-admin/plugins.php?activate=true&plugin_status=all&paged=1&s= HTTP/1.1" 200 62957 "-" "Mozilla/5.0 (Windows NT 10.0; Win64; x64) AppleWebKit/537.36 (KHTML, like Gecko) Chrome/133.0.0.0 Safari/537.36"
185.223.152.101 - - [29/Jul/2026:02:28:38 +0200] "GET /wp-admin/admin.php?page=wp_file_manager HTTP/1.1" 200 53699 "https://www.google.com/" "Mozilla/5.0 (Windows NT 10.0; Win64; x64) AppleWebKit/537.36 (KHTML, like Gecko) Chrome/91.0.4472.124 Safari/537.36"
185.223.152.101 - - [29/Jul/2026:02:28:40 +0200] "POST /wp-admin/admin-ajax.php HTTP/1.1" 200 2175 "https://inteligent.gurumedia.store/wp-admin/admin.php?ssd" "Mozilla/5.0 (Windows NT 10.0; Win64; x64) AppleWebKit/537.36 (KHTML, like Gecko) Chrome/133.0.0.0 Safari/537.36"
185.223.152.107 - - [29/Jul/2026:02:28:41 +0200] "GET /czhmb.php HTTP/1.1" 403 453 "https://www.google.com/" "Mozilla/5.0 (Windows NT 10.0; Win64; x64) AppleWebKit/537.36 (KHTML, like Gecko) Chrome/91.0.4472.124 Safari/537.36"
185.223.152.101 - - [29/Jul/2026:02:28:42 +0200] "GET /wp-admin/theme-install.php?tab=upload HTTP/1.1" 403 453 "https://www.google.com/" "Mozilla/5.0 (Windows NT 10.0; Win64; x64) AppleWebKit/537.36 (KHTML, like Gecko) Chrome/91.0.4472.124 Safari/537.36"
185.223.152.101 - - [29/Jul/2026:02:28:42 +0200] "GET /wp-admin/ HTTP/1.1" 200 61128 "-" "Mozilla/5.0 (Windows NT 10.0; Win64; x64) AppleWebKit/537.36 (KHTML, like Gecko) Chrome/133.0.0.0 Safari/537.36"
185.223.152.101 - - [29/Jul/2026:02:28:44 +0200] "GET /wp-admin/plugin-editor.php?plugin=wp-file-manager%2Ffile_folder_manager.php&Submit=Select HTTP/1.1" 200 81267 "-" "Mozilla/5.0 (Windows NT 10.0; Win64; x64) AppleWebKit/537.36 (KHTML, like Gecko) Chrome/133.0.0.0 Safari/537.36"
94.136.190.175 - - [29/Jul/2026:02:28:46 +0200] "GET /wp-admin/plugin-editor.php?plugin=wp-file-manager%2Ffile_folder_manager.php&file=wp-file-manager%2Ffile_folder_manager.php&wp_scrape_key=e433c42213fdd3e1c8109c2ec91c32c9&wp_scrape_nonce=1904402420 HTTP/1.1" 200 6755 "-" "WordPress/7.0; https://inteligent.gurumedia.store"
94.136.190.175 - - [29/Jul/2026:02:28:46 +0200] "GET /?wp_scrape_key=e433c42213fdd3e1c8109c2ec91c32c9&wp_scrape_nonce=1904402420 HTTP/1.1" 200 4178 "-" "WordPress/7.0; https://inteligent.gurumedia.store"
185.223.152.101 - - [29/Jul/2026:02:28:46 +0200] "POST /wp-admin/admin-ajax.php HTTP/1.1" 200 559 "-" "Mozilla/5.0 (Windows NT 10.0; Win64; x64) AppleWebKit/537.36 (KHTML, like Gecko) Chrome/133.0.0.0 Safari/537.36"
185.223.152.100 - - [29/Jul/2026:02:28:48 +0200] "GET /wp-content/plugins/wp-file-manager/file_folder_manager.php HTTP/1.1" 403 453 "https://www.google.com/" "Mozilla/5.0 (Windows NT 10.0; Win64; x64) AppleWebKit/537.36 (KHTML, like Gecko) Chrome/91.0.4472.124 Safari/537.36"
185.223.152.101 - - [29/Jul/2026:02:28:49 +0200] "POST /wp-admin/admin-ajax.php HTTP/1.1" 200 6688 "https://inteligent.gurumedia.store/wp-admin/plugin-editor.php" "Mozilla/5.0 (Windows NT 10.0; Win64; x64) AppleWebKit/537.36 (KHTML, like Gecko) Chrome/138.0.0.0 Safari/537.36"
185.223.152.101 - - [29/Jul/2026:02:28:49 +0200] "GET /wp-admin/plugin-editor.php HTTP/1.1" 200 6688 "https://inteligent.gurumedia.store/wp-admin/plugin-editor.php" "Mozilla/5.0 (Windows NT 10.0; Win64; x64) AppleWebKit/537.36 (KHTML, like Gecko) Chrome/138.0.0.0 Safari/537.36"
57.141.0.3 - - [29/Jul/2026:02:35:27 +0200] "GET / HTTP/1.1" 200 4116 "-" "Mozilla/5.0 (Macintosh; Intel Mac OS X 10_15_7) AppleWebKit/537.36 (KHTML, like Gecko) Chrome/145.0.0.0 Safari/537.36 (compatible; meta-externalagent/1.1 (+https://developers.facebook.com/docs/sharing/webmasters/crawler))"
57.141.0.44 - - [29/Jul/2026:02:35:54 +0200] "GET /?path=/var/www/gurumedia_st_usr/data/www/gurumedia.store/inteligent/.tmb HTTP/1.1" 200 2802 "-" "Mozilla/5.0 (Windows NT 10.0; Win64; x64) AppleWebKit/537.36 (KHTML, like Gecko) Chrome/145.0.7632.6 Safari/537.36 (compatible; meta-externalagent/1.1 (+https://developers.facebook.com/docs/sharing/webmasters/crawler))"
94.136.190.175 - - [29/Jul/2026:02:42:12 +0200] "GET / HTTP/1.1" 200 4116 "-" "Mozilla/5.0 (X11; Linux x86_64) AppleWebKit/537.36 (KHTML, like Gecko) Chrome/44.0.2403.157 Safari/537.36"
57.141.0.67 - - [29/Jul/2026:02:43:31 +0200] "GET /?fileloc=/var/www/gurumedia_st_usr/data/www/gurumedia.store/inteligent/wp-mail.php&path=/var/www/gurumedia_st_usr/data/www/gurumedia.store/inteligent HTTP/1.1" 200 5847 "-" "Mozilla/5.0 (Windows NT 10.0; Win64; x64) AppleWebKit/537.36 (KHTML, like Gecko) Chrome/145.0.0.0 Safari/537.36 Edg/145.0.0.0 (compatible; meta-externalagent/1.1 (+https://developers.facebook.com/docs/sharing/webmasters/crawler))"
57.141.0.49 - - [29/Jul/2026:02:50:41 +0200] "GET /?fileloc=/var/www/gurumedia_st_usr/data/www/gurumedia.store/inteligent/wp-activate.php&path=/var/www/gurumedia_st_usr/data/www/gurumedia.store/inteligent HTTP/1.1" 200 5249 "-" "Mozilla/5.0 (Windows NT 10.0; Win64; x64) AppleWebKit/537.36 (KHTML, like Gecko) Chrome/145.0.0.0 Safari/537.36 (compatible; meta-externalagent/1.1 (+https://developers.facebook.com/docs/sharing/webmasters/crawler))"
20.48.234.177 - - [29/Jul/2026:02:51:18 +0200] "GET /wp-content/plugins/hellopress/wp_filemanager.php HTTP/1.1" 200 54914 "-" "-"
20.48.234.177 - - [29/Jul/2026:02:51:20 +0200] "GET /this_is_a_new_hello_world.php HTTP/1.1" 403 452 "-" "-"
20.48.234.177 - - [29/Jul/2026:02:51:20 +0200] "GET /wicked.php HTTP/1.1" 403 452 "-" "-"
20.48.234.177 - - [29/Jul/2026:02:51:20 +0200] "GET /wpx.php HTTP/1.1" 403 452 "-" "-"
20.48.234.177 - - [29/Jul/2026:02:51:20 +0200] "GET /images.php HTTP/1.1" 403 452 "-" "-"
20.48.234.177 - - [29/Jul/2026:02:51:20 +0200] "GET /1xmomo.php HTTP/1.1" 403 452 "-" "-"
20.48.234.177 - - [29/Jul/2026:02:51:21 +0200] "GET /1revo.php HTTP/1.1" 403 452 "-" "-"
20.48.234.177 - - [29/Jul/2026:02:51:21 +0200] "GET /a.php HTTP/1.1" 403 452 "-" "-"
20.48.234.177 - - [29/Jul/2026:02:51:21 +0200] "GET /srontol.php?p= HTTP/1.1" 403 452 "-" "-"
20.48.234.177 - - [29/Jul/2026:02:51:21 +0200] "GET /reop3.php?p= HTTP/1.1" 403 452 "-" "-"
20.48.234.177 - - [29/Jul/2026:02:51:21 +0200] "GET /file5.php HTTP/1.1" 403 452 "-" "-"
20.48.234.177 - - [29/Jul/2026:02:51:22 +0200] "GET /domvf.php HTTP/1.1" 403 452 "-" "-"
20.48.234.177 - - [29/Jul/2026:02:51:22 +0200] "GET /zero.php HTTP/1.1" 403 452 "-" "-"
20.48.234.177 - - [29/Jul/2026:02:51:22 +0200] "GET /002.php?p HTTP/1.1" 403 452 "-" "-"
20.48.234.177 - - [29/Jul/2026:02:51:22 +0200] "GET /thoms.php HTTP/1.1" 200 54914 "-" "-"
94.136.190.175 - - [29/Jul/2026:02:56:09 +0200] "GET / HTTP/1.1" 200 4116 "-" "Mozilla/5.0 (X11; Linux x86_64) AppleWebKit/537.36 (KHTML, like Gecko) Chrome/44.0.2403.157 Safari/537.36"
94.136.190.175 - - [29/Jul/2026:03:00:14 +0200] "GET / HTTP/1.1" 200 4116 "-" "Mozilla/5.0 (X11; Linux x86_64) AppleWebKit/537.36 (KHTML, like Gecko) Chrome/44.0.2403.157 Safari/537.36"
57.141.0.8 - - [29/Jul/2026:03:06:28 +0200] "GET /?path=/var/www/gurumedia_st_usr HTTP/1.1" 200 3014 "-" "Mozilla/5.0 (Windows NT 10.0; Win64; x64) AppleWebKit/537.36 (KHTML, like Gecko) Chrome/145.0.0.0 Safari/537.36 (compatible; meta-externalagent/1.1 (+https://developers.facebook.com/docs/sharing/webmasters/crawler))"
57.141.0.43 - - [29/Jul/2026:03:08:27 +0200] "GET /?path=/var/www/gurumedia_st_usr/data/www/gurumedia.store/inteligent HTTP/1.1" 200 4116 "-" "Mozilla/5.0 (Windows NT 10.0; Win64; x64) AppleWebKit/537.36 (KHTML, like Gecko) Chrome/145.0.0.0 Safari/537.36 (compatible; meta-externalagent/1.1 (+https://developers.facebook.com/docs/sharing/webmasters/crawler))"
57.141.0.36 - - [29/Jul/2026:03:10:20 +0200] "GET /?fileloc=/var/www/gurumedia_st_usr/data/www/gurumedia.store/inteligent/filefuns.php&path=/var/www/gurumedia_st_usr/data/www/gurumedia.store/inteligent HTTP/1.1" 200 4852 "-" "Mozilla/5.0 (Windows NT 10.0; Win64; x64) AppleWebKit/537.36 (KHTML, like Gecko) Chrome/145.0.0.0 Safari/537.36 (compatible; meta-externalagent/1.1 (+https://developers.facebook.com/docs/sharing/webmasters/crawler))"
94.136.190.175 - - [29/Jul/2026:03:14:11 +0200] "GET / HTTP/1.1" 200 4116 "-" "Mozilla/5.0 (X11; Linux x86_64) AppleWebKit/537.36 (KHTML, like Gecko) Chrome/44.0.2403.157 Safari/537.36"
57.141.0.15 - - [29/Jul/2026:03:22:17 +0200] "GET /?fileloc=/var/www/gurumedia_st_usr/data/www/gurumedia.store/inteligent/wp-trackback.php&path=/var/www/gurumedia_st_usr/data/www/gurumedia.store/inteligent HTTP/1.1" 200 4659 "-" "Mozilla/5.0 (Windows NT 10.0; Win64; x64) AppleWebKit/537.36 (KHTML, like Gecko) Chrome/145.0.0.0 Safari/537.36 (compatible; meta-externalagent/1.1 (+https://developers.facebook.com/docs/sharing/webmasters/crawler))"
57.141.0.19 - - [29/Jul/2026:03:24:06 +0200] "GET /?fileloc=/var/www/gurumedia_st_usr/data/www/gurumedia.store/inteligent/wp-settings.php&path=/var/www/gurumedia_st_usr/data/www/gurumedia.store/inteligent HTTP/1.1" 200 9383 "-" "Mozilla/5.0 (Windows NT 10.0; Win64; x64) AppleWebKit/537.36 (KHTML, like Gecko) Chrome/145.0.0.0 Safari/537.36 (compatible; meta-externalagent/1.1 (+https://developers.facebook.com/docs/sharing/webmasters/crawler))"
94.136.190.175 - - [29/Jul/2026:03:28:24 +0200] "GET / HTTP/1.1" 200 4116 "-" "Mozilla/5.0 (X11; Linux x86_64) AppleWebKit/537.36 (KHTML, like Gecko) Chrome/44.0.2403.157 Safari/537.36"
94.136.190.175 - - [29/Jul/2026:03:42:10 +0200] "GET / HTTP/1.1" 200 4116 "-" "Mozilla/5.0 (X11; Linux x86_64) AppleWebKit/537.36 (KHTML, like Gecko) Chrome/44.0.2403.157 Safari/537.36"
37.203.37.87 - - [29/Jul/2026:03:44:17 +0200] "GET /thoms.php HTTP/1.1" 200 4116 "-" "Mozilla/5.0 (Windows NT 10.0; Win64; x64) AppleWebKit/537.36 (KHTML, like Gecko) Chrome/150.0.0.0 Safari/537.36"
37.203.37.87 - - [29/Jul/2026:03:44:18 +0200] "GET /thoms.php HTTP/1.1" 200 4116 "-" "Mozilla/5.0 (Windows NT 10.0; Win64; x64) AppleWebKit/537.36 (KHTML, like Gecko) Chrome/150.0.0.0 Safari/537.36"
37.203.37.87 - - [29/Jul/2026:03:44:22 +0200] "GET /favicon.ico HTTP/1.1" 200 4116 "http://inteligent.gurumedia.store/thoms.php" "Mozilla/5.0 (Windows NT 10.0; Win64; x64) AppleWebKit/537.36 (KHTML, like Gecko) Chrome/150.0.0.0 Safari/537.36"
216.73.216.17 - - [29/Jul/2026:03:47:23 +0200] "GET /sitemap.xml HTTP/1.1" 200 4116 "-" "Mozilla/5.0 AppleWebKit/537.36 (KHTML, like Gecko; compatible; ClaudeBot/1.0; +claudebot@anthropic.com)"
94.136.190.175 - - [29/Jul/2026:03:56:12 +0200] "GET / HTTP/1.1" 200 4116 "-" "Mozilla/5.0 (X11; Linux x86_64) AppleWebKit/537.36 (KHTML, like Gecko) Chrome/44.0.2403.157 Safari/537.36"
94.136.190.175 - - [29/Jul/2026:04:00:17 +0200] "GET / HTTP/1.1" 200 4116 "-" "Mozilla/5.0 (X11; Linux x86_64) AppleWebKit/537.36 (KHTML, like Gecko) Chrome/44.0.2403.157 Safari/537.36"
57.141.0.71 - - [29/Jul/2026:04:00:28 +0200] "GET /?fileloc=/var/www/gurumedia_st_usr/data/www/gurumedia.store/inteligent/wp-cron.php&path=/var/www/gurumedia_st_usr/data/www/gurumedia.store/inteligent HTTP/1.1" 200 4849 "-" "Mozilla/5.0 (Windows NT 10.0; Win64; x64) AppleWebKit/537.36 (KHTML, like Gecko) Chrome/145.0.0.0 Safari/537.36 (compatible; meta-externalagent/1.1 (+https://developers.facebook.com/docs/sharing/webmasters/crawler))"
94.136.190.175 - - [29/Jul/2026:04:14:10 +0200] "GET / HTTP/1.1" 200 4116 "-" "Mozilla/5.0 (X11; Linux x86_64) AppleWebKit/537.36 (KHTML, like Gecko) Chrome/44.0.2403.157 Safari/537.36"
94.136.190.175 - - [29/Jul/2026:04:28:21 +0200] "GET / HTTP/1.1" 200 4116 "-" "Mozilla/5.0 (X11; Linux x86_64) AppleWebKit/537.36 (KHTML, like Gecko) Chrome/44.0.2403.157 Safari/537.36"
57.141.0.33 - - [29/Jul/2026:04:36:20 +0200] "GET /?fileloc=/var/www/gurumedia_st_usr/data/www/gurumedia.store/inteligent/.htaccess&path=/var/www/gurumedia_st_usr/data/www/gurumedia.store/inteligent HTTP/1.1" 200 3537 "-" "Mozilla/5.0 (Windows NT 10.0; Win64; x64) AppleWebKit/537.36 (KHTML, like Gecko) Chrome/145.0.0.0 Safari/537.36 (compatible; meta-externalagent/1.1 (+https://developers.facebook.com/docs/sharing/webmasters/crawler))"
94.136.190.175 - - [29/Jul/2026:04:42:15 +0200] "GET / HTTP/1.1" 200 4116 "-" "Mozilla/5.0 (X11; Linux x86_64) AppleWebKit/537.36 (KHTML, like Gecko) Chrome/44.0.2403.157 Safari/537.36"
57.141.0.1 - - [29/Jul/2026:04:47:12 +0200] "GET /?path=/var/www/gurumedia_st_usr/data/www/gurumedia.store HTTP/1.1" 200 3787 "-" "Mozilla/5.0 (Windows NT 10.0; Win64; x64) AppleWebKit/537.36 (KHTML, like Gecko) Chrome/145.0.0.0 Safari/537.36 (compatible; meta-externalagent/1.1 (+https://developers.facebook.com/docs/sharing/webmasters/crawler))"
216.73.216.17 - - [29/Jul/2026:04:55:48 +0200] "GET /sitemap.xml?path=%2Fvar HTTP/1.1" 200 3543 "-" "Mozilla/5.0 AppleWebKit/537.36 (KHTML, like Gecko; compatible; ClaudeBot/1.0; +claudebot@anthropic.com)"
216.73.216.17 - - [29/Jul/2026:04:55:51 +0200] "GET /sitemap.xml?path=%2F HTTP/1.1" 200 3696 "-" "Mozilla/5.0 AppleWebKit/537.36 (KHTML, like Gecko; compatible; ClaudeBot/1.0; +claudebot@anthropic.com)"
216.73.216.17 - - [29/Jul/2026:04:55:57 +0200] "GET /sitemap.xml?path=%2Fvar%2Fwww%2Fgurumedia_st_usr%2Fdata HTTP/1.1" 200 3326 "-" "Mozilla/5.0 AppleWebKit/537.36 (KHTML, like Gecko; compatible; ClaudeBot/1.0; +claudebot@anthropic.com)"
216.73.216.17 - - [29/Jul/2026:04:56:00 +0200] "GET /sitemap.xml?path=%2Fvar%2Fwww HTTP/1.1" 200 3902 "-" "Mozilla/5.0 AppleWebKit/537.36 (KHTML, like Gecko; compatible; ClaudeBot/1.0; +claudebot@anthropic.com)"
216.73.216.17 - - [29/Jul/2026:04:56:06 +0200] "GET /sitemap.xml?path=%2Fvar%2Fwww%2Fgurumedia_st_usr%2Fdata%2Fwww HTTP/1.1" 200 3021 "-" "Mozilla/5.0 AppleWebKit/537.36 (KHTML, like Gecko; compatible; ClaudeBot/1.0; +claudebot@anthropic.com)"
216.73.216.17 - - [29/Jul/2026:04:56:08 +0200] "GET /sitemap.xml?path=%2Fvar%2Fwww%2Fgurumedia_st_usr HTTP/1.1" 200 3014 "-" "Mozilla/5.0 AppleWebKit/537.36 (KHTML, like Gecko; compatible; ClaudeBot/1.0; +claudebot@anthropic.com)"
94.136.190.175 - - [29/Jul/2026:04:56:10 +0200] "GET / HTTP/1.1" 200 4116 "-" "Mozilla/5.0 (X11; Linux x86_64) AppleWebKit/537.36 (KHTML, like Gecko) Chrome/44.0.2403.157 Safari/537.36"
216.73.216.17 - - [29/Jul/2026:04:56:24 +0200] "GET /sitemap.xml?path=%2Fvar%2Fwww%2Fgurumedia_st_usr%2Fdata%2Fwww%2Fgurumedia.store%2Finteligent%2Fwp-includes HTTP/1.1" 200 13019 "-" "Mozilla/5.0 AppleWebKit/537.36 (KHTML, like Gecko; compatible; ClaudeBot/1.0; +claudebot@anthropic.com)"
216.73.216.17 - - [29/Jul/2026:04:56:26 +0200] "GET /sitemap.xml?path=%2Fvar%2Fwww%2Fgurumedia_st_usr%2Fdata%2Fwww%2Fgurumedia.store%2Finteligent%2Fwp-admin HTTP/1.1" 200 6688 "-" "Mozilla/5.0 AppleWebKit/537.36 (KHTML, like Gecko; compatible; ClaudeBot/1.0; +claudebot@anthropic.com)"
216.73.216.17 - - [29/Jul/2026:04:56:43 +0200] "GET /sitemap.xml?path=%2Fvar%2Fwww%2Fgurumedia_st_usr%2Fdata%2Fwww%2Fgurumedia.store%2Finteligent%2Fwp-content HTTP/1.1" 200 3684 "-" "Mozilla/5.0 AppleWebKit/537.36 (KHTML, like Gecko; compatible; ClaudeBot/1.0; +claudebot@anthropic.com)"
216.73.216.17 - - [29/Jul/2026:04:56:45 +0200] "GET /sitemap.xml?path=%2Fvar%2Fwww%2Fgurumedia_st_usr%2Fdata%2Fwww%2Fgurumedia.store%2Finteligent HTTP/1.1" 200 4116 "-" "Mozilla/5.0 AppleWebKit/537.36 (KHTML, like Gecko; compatible; ClaudeBot/1.0; +claudebot@anthropic.com)"
216.73.216.17 - - [29/Jul/2026:04:57:16 +0200] "GET /sitemap.xml?path=%2Fvar%2Fwww%2Fgurumedia_st_usr%2Fdata%2Fwww%2Fgurumedia.store%2Finteligent%2F.tmb HTTP/1.1" 200 2802 "-" "Mozilla/5.0 AppleWebKit/537.36 (KHTML, like Gecko; compatible; ClaudeBot/1.0; +claudebot@anthropic.com)"
216.73.216.17 - - [29/Jul/2026:04:57:18 +0200] "GET /sitemap.xml?path=%2Fvar%2Fwww%2Fgurumedia_st_usr%2Fdata%2Fwww%2Fgurumedia.store HTTP/1.1" 200 3787 "-" "Mozilla/5.0 AppleWebKit/537.36 (KHTML, like Gecko; compatible; ClaudeBot/1.0; +claudebot@anthropic.com)"
216.73.216.17 - - [29/Jul/2026:04:57:25 +0200] "GET /sitemap.xml?fileloc=%2Fvar%2Fwww%2Fgurumedia_st_usr%2Fdata%2Fwww%2Fgurumedia.store%2Finteligent%2Fwp-comments-post.php&path=%2Fvar%2Fwww%2Fgurumedia_st_usr%2Fdata%2Fwww%2Fgurumedia.store%2Finteligent HTTP/1.1" 200 3815 "-" "Mozilla/5.0 AppleWebKit/537.36 (KHTML, like Gecko; compatible; ClaudeBot/1.0; +claudebot@anthropic.com)"
216.73.216.17 - - [29/Jul/2026:04:57:28 +0200] "GET /sitemap.xml?path=%2Fvar%2Fwww%2Fgurumedia_st_usr%2Fdata%2Fwww%2Fgurumedia.store%2Finteligent%2Fimages HTTP/1.1" 200 3206 "-" "Mozilla/5.0 AppleWebKit/537.36 (KHTML, like Gecko; compatible; ClaudeBot/1.0; +claudebot@anthropic.com)"
216.73.216.17 - - [29/Jul/2026:04:57:38 +0200] "GET /sitemap.xml?fileloc=%2Fvar%2Fwww%2Fgurumedia_st_usr%2Fdata%2Fwww%2Fgurumedia.store%2Finteligent%2Fwp-config-sample.php&path=%2Fvar%2Fwww%2Fgurumedia_st_usr%2Fdata%2Fwww%2Fgurumedia.store%2Finteligent HTTP/1.1" 200 4065 "-" "Mozilla/5.0 AppleWebKit/537.36 (KHTML, like Gecko; compatible; ClaudeBot/1.0; +claudebot@anthropic.com)"
216.73.216.17 - - [29/Jul/2026:04:57:41 +0200] "GET /sitemap.xml?fileloc=%2Fvar%2Fwww%2Fgurumedia_st_usr%2Fdata%2Fwww%2Fgurumedia.store%2Finteligent%2Fxmlrpc.php&path=%2Fvar%2Fwww%2Fgurumedia_st_usr%2Fdata%2Fwww%2Fgurumedia.store%2Finteligent HTTP/1.1" 200 4186 "-" "Mozilla/5.0 AppleWebKit/537.36 (KHTML, like Gecko; compatible; ClaudeBot/1.0; +claudebot@anthropic.com)"
216.73.216.17 - - [29/Jul/2026:04:57:51 +0200] "GET /sitemap.xml?fileloc=%2Fvar%2Fwww%2Fgurumedia_st_usr%2Fdata%2Fwww%2Fgurumedia.store%2Finteligent%2Fwp-activate.php&path=%2Fvar%2Fwww%2Fgurumedia_st_usr%2Fdata%2Fwww%2Fgurumedia.store%2Finteligent HTTP/1.1" 200 5249 "-" "Mozilla/5.0 AppleWebKit/537.36 (KHTML, like Gecko; compatible; ClaudeBot/1.0; +claudebot@anthropic.com)"
216.73.216.17 - - [29/Jul/2026:04:57:53 +0200] "GET /sitemap.xml?fileloc=%2Fvar%2Fwww%2Fgurumedia_st_usr%2Fdata%2Fwww%2Fgurumedia.store%2Finteligent%2Fwp-load.php&path=%2Fvar%2Fwww%2Fgurumedia_st_usr%2Fdata%2Fwww%2Fgurumedia.store%2Finteligent HTTP/1.1" 200 4561 "-" "Mozilla/5.0 AppleWebKit/537.36 (KHTML, like Gecko; compatible; ClaudeBot/1.0; +claudebot@anthropic.com)"
216.73.216.17 - - [29/Jul/2026:04:58:26 +0200] "GET /sitemap.xml?fileloc=%2Fvar%2Fwww%2Fgurumedia_st_usr%2Fdata%2Fwww%2Fgurumedia.store%2Finteligent%2Fwp-trackback.php&path=%2Fvar%2Fwww%2Fgurumedia_st_usr%2Fdata%2Fwww%2Fgurumedia.store%2Finteligent HTTP/1.1" 200 4659 "-" "Mozilla/5.0 AppleWebKit/537.36 (KHTML, like Gecko; compatible; ClaudeBot/1.0; +claudebot@anthropic.com)"
216.73.216.17 - - [29/Jul/2026:04:58:28 +0200] "GET /sitemap.xml?fileloc=%2Fvar%2Fwww%2Fgurumedia_st_usr%2Fdata%2Fwww%2Fgurumedia.store%2Finteligent%2Fwp-settings.php&path=%2Fvar%2Fwww%2Fgurumedia_st_usr%2Fdata%2Fwww%2Fgurumedia.store%2Finteligent HTTP/1.1" 200 9383 "-" "Mozilla/5.0 AppleWebKit/537.36 (KHTML, like Gecko; compatible; ClaudeBot/1.0; +claudebot@anthropic.com)"
216.73.216.17 - - [29/Jul/2026:04:58:33 +0200] "GET /sitemap.xml?fileloc=%2Fvar%2Fwww%2Fgurumedia_st_usr%2Fdata%2Fwww%2Fgurumedia.store%2Finteligent%2Fwp-mail.php&path=%2Fvar%2Fwww%2Fgurumedia_st_usr%2Fdata%2Fwww%2Fgurumedia.store%2Finteligent HTTP/1.1" 200 5847 "-" "Mozilla/5.0 AppleWebKit/537.36 (KHTML, like Gecko; compatible; ClaudeBot/1.0; +claudebot@anthropic.com)"
216.73.216.17 - - [29/Jul/2026:04:58:36 +0200] "GET /sitemap.xml?fileloc=%2Fvar%2Fwww%2Fgurumedia_st_usr%2Fdata%2Fwww%2Fgurumedia.store%2Finteligent%2Fwp-cron.php&path=%2Fvar%2Fwww%2Fgurumedia_st_usr%2Fdata%2Fwww%2Fgurumedia.store%2Finteligent HTTP/1.1" 200 4849 "-" "Mozilla/5.0 AppleWebKit/537.36 (KHTML, like Gecko; compatible; ClaudeBot/1.0; +claudebot@anthropic.com)"
216.73.216.17 - - [29/Jul/2026:04:59:17 +0200] "GET /sitemap.xml?fileloc=%2Fvar%2Fwww%2Fgurumedia_st_usr%2Fdata%2Fwww%2Fgurumedia.store%2Finteligent%2Fwp-config.php&path=%2Fvar%2Fwww%2Fgurumedia_st_usr%2Fdata%2Fwww%2Fgurumedia.store%2Finteligent HTTP/1.1" 200 4522 "-" "Mozilla/5.0 AppleWebKit/537.36 (KHTML, like Gecko; compatible; ClaudeBot/1.0; +claudebot@anthropic.com)"
216.73.216.17 - - [29/Jul/2026:04:59:19 +0200] "GET /sitemap.xml?fileloc=%2Fvar%2Fwww%2Fgurumedia_st_usr%2Fdata%2Fwww%2Fgurumedia.store%2Finteligent%2Ffilefuns.php&path=%2Fvar%2Fwww%2Fgurumedia_st_usr%2Fdata%2Fwww%2Fgurumedia.store%2Finteligent HTTP/1.1" 200 4852 "-" "Mozilla/5.0 AppleWebKit/537.36 (KHTML, like Gecko; compatible; ClaudeBot/1.0; +claudebot@anthropic.com)"
57.141.0.42 - - [29/Jul/2026:04:59:25 +0200] "GET /?path=/var/www/gurumedia_st_usr/data HTTP/1.1" 200 3326 "-" "Mozilla/5.0 (Windows NT 10.0; Win64; x64) AppleWebKit/537.36 (KHTML, like Gecko) Chrome/145.0.0.0 Safari/537.36 (compatible; meta-externalagent/1.1 (+https://developers.facebook.com/docs/sharing/webmasters/crawler))"
216.73.216.17 - - [29/Jul/2026:04:59:42 +0200] "GET /sitemap.xml?fileloc=%2Fvar%2Fwww%2Fgurumedia_st_usr%2Fdata%2Fwww%2Fgurumedia.store%2Finteligent%2Findex.php&path=%2Fvar%2Fwww%2Fgurumedia_st_usr%2Fdata%2Fwww%2Fgurumedia.store%2Finteligent HTTP/1.1" 200 11487 "-" "Mozilla/5.0 AppleWebKit/537.36 (KHTML, like Gecko; compatible; ClaudeBot/1.0; +claudebot@anthropic.com)"
216.73.216.17 - - [29/Jul/2026:04:59:53 +0200] "GET /sitemap.xml?fileloc=%2Fvar%2Fwww%2Fgurumedia_st_usr%2Fdata%2Fwww%2Fgurumedia.store%2Finteligent%2Fwp-login.php&path=%2Fvar%2Fwww%2Fgurumedia_st_usr%2Fdata%2Fwww%2Fgurumedia.store%2Finteligent HTTP/1.1" 200 16180 "-" "Mozilla/5.0 AppleWebKit/537.36 (KHTML, like Gecko; compatible; ClaudeBot/1.0; +claudebot@anthropic.com)"
216.73.216.17 - - [29/Jul/2026:04:59:57 +0200] "GET /sitemap.xml?fileloc=%2Fvar%2Fwww%2Fgurumedia_st_usr%2Fdata%2Fwww%2Fgurumedia.store%2Finteligent%2Fwp-blog-header.php&path=%2Fvar%2Fwww%2Fgurumedia_st_usr%2Fdata%2Fwww%2Fgurumedia.store%2Finteligent HTTP/1.1" 200 3107 "-" "Mozilla/5.0 AppleWebKit/537.36 (KHTML, like Gecko; compatible; ClaudeBot/1.0; +claudebot@anthropic.com)"
94.136.190.175 - - [29/Jul/2026:05:00:12 +0200] "GET / HTTP/1.1" 200 4116 "-" "Mozilla/5.0 (X11; Linux x86_64) AppleWebKit/537.36 (KHTML, like Gecko) Chrome/44.0.2403.157 Safari/537.36"
216.73.216.17 - - [29/Jul/2026:05:00:30 +0200] "GET /sitemap.xml?fileloc=%2Fvar%2Fwww%2Fgurumedia_st_usr%2Fdata%2Fwww%2Fgurumedia.store%2Finteligent%2Fwp-links-opml.php&path=%2Fvar%2Fwww%2Fgurumedia_st_usr%2Fdata%2Fwww%2Fgurumedia.store%2Finteligent HTTP/1.1" 200 3895 "-" "Mozilla/5.0 AppleWebKit/537.36 (KHTML, like Gecko; compatible; ClaudeBot/1.0; +claudebot@anthropic.com)"
216.73.216.17 - - [29/Jul/2026:05:00:48 +0200] "GET /sitemap.xml?fileloc=%2Fvar%2Fwww%2Fgurumedia_st_usr%2Fdata%2Fwww%2Fgurumedia.store%2Finteligent%2Freadme.html&path=%2Fvar%2Fwww%2Fgurumedia_st_usr%2Fdata%2Fwww%2Fgurumedia.store%2Finteligent HTTP/1.1" 200 5786 "-" "Mozilla/5.0 AppleWebKit/537.36 (KHTML, like Gecko; compatible; ClaudeBot/1.0; +claudebot@anthropic.com)"
216.73.216.17 - - [29/Jul/2026:05:01:05 +0200] "GET /sitemap.xml?fileloc=%2Fvar%2Fwww%2Fgurumedia_st_usr%2Fdata%2Fwww%2Fgurumedia.store%2Finteligent%2Fczhmb.php&path=%2Fvar%2Fwww%2Fgurumedia_st_usr%2Fdata%2Fwww%2Fgurumedia.store%2Finteligent HTTP/1.1" 200 6145 "-" "Mozilla/5.0 AppleWebKit/537.36 (KHTML, like Gecko; compatible; ClaudeBot/1.0; +claudebot@anthropic.com)"
216.73.216.17 - - [29/Jul/2026:05:01:30 +0200] "GET /sitemap.xml?fileloc=%2Fvar%2Fwww%2Fgurumedia_st_usr%2Fdata%2Fwww%2Fgurumedia.store%2Finteligent%2Fwp-signup.php&path=%2Fvar%2Fwww%2Fgurumedia_st_usr%2Fdata%2Fwww%2Fgurumedia.store%2Finteligent HTTP/1.1" 200 10987 "-" "Mozilla/5.0 AppleWebKit/537.36 (KHTML, like Gecko; compatible; ClaudeBot/1.0; +claudebot@anthropic.com)"
216.73.216.17 - - [29/Jul/2026:05:02:11 +0200] "GET /sitemap.xml?fileloc=%2Fvar%2Fwww%2Fgurumedia_st_usr%2Fdata%2Fwww%2Fgurumedia.store%2Finteligent%2F.htaccess&path=%2Fvar%2Fwww%2Fgurumedia_st_usr%2Fdata%2Fwww%2Fgurumedia.store%2Finteligent HTTP/1.1" 200 3537 "-" "Mozilla/5.0 AppleWebKit/537.36 (KHTML, like Gecko; compatible; ClaudeBot/1.0; +claudebot@anthropic.com)"
216.73.216.17 - - [29/Jul/2026:05:02:26 +0200] "GET /sitemap.xml?fileloc=%2Fvar%2Fwww%2Fgurumedia_st_usr%2Fdata%2Fwww%2Fgurumedia.store%2Finteligent%2Frobots.txt&path=%2Fvar%2Fwww%2Fgurumedia_st_usr%2Fdata%2Fwww%2Fgurumedia.store%2Finteligent HTTP/1.1" 200 2788 "-" "Mozilla/5.0 AppleWebKit/537.36 (KHTML, like Gecko; compatible; ClaudeBot/1.0; +claudebot@anthropic.com)"
216.73.216.17 - - [29/Jul/2026:05:02:52 +0200] "GET /sitemap.xml?fileloc=%2Fvar%2Fwww%2Fgurumedia_st_usr%2Fdata%2Fwww%2Fgurumedia.store%2Finteligent%2Flicense.txt&path=%2Fvar%2Fwww%2Fgurumedia_st_usr%2Fdata%2Fwww%2Fgurumedia.store%2Finteligent HTTP/1.1" 200 10096 "-" "Mozilla/5.0 AppleWebKit/537.36 (KHTML, like Gecko; compatible; ClaudeBot/1.0; +claudebot@anthropic.com)"
57.141.0.30 - - [29/Jul/2026:05:10:48 +0200] "GET /?fileloc=/var/www/gurumedia_st_usr/data/www/gurumedia.store/inteligent/wp-load.php&path=/var/www/gurumedia_st_usr/data/www/gurumedia.store/inteligent HTTP/1.1" 200 4561 "-" "Mozilla/5.0 (Macintosh; Intel Mac OS X 10_15_7) AppleWebKit/537.36 (KHTML, like Gecko) Chrome/145.0.0.0 Safari/537.36 (compatible; meta-externalagent/1.1 (+https://developers.facebook.com/docs/sharing/webmasters/crawler))"
57.141.0.10 - - [29/Jul/2026:05:11:33 +0200] "GET /?path=/var/www HTTP/1.1" 200 3902 "-" "Mozilla/5.0 (Windows NT 10.0; Win64; x64) AppleWebKit/537.36 (KHTML, like Gecko) Chrome/145.0.0.0 Safari/537.36 (compatible; meta-externalagent/1.1 (+https://developers.facebook.com/docs/sharing/webmasters/crawler))"
57.141.0.27 - - [29/Jul/2026:05:12:13 +0200] "GET /?path=/var/www/paymax_llc_usr HTTP/1.1" 200 2770 "-" "Mozilla/5.0 (Windows NT 10.0; Win64; x64) AppleWebKit/537.36 (KHTML, like Gecko) Chrome/145.0.0.0 Safari/537.36 (compatible; meta-externalagent/1.1 (+https://developers.facebook.com/docs/sharing/webmasters/crawler))"
94.136.190.175 - - [29/Jul/2026:05:14:10 +0200] "GET / HTTP/1.1" 200 4116 "-" "Mozilla/5.0 (X11; Linux x86_64) AppleWebKit/537.36 (KHTML, like Gecko) Chrome/44.0.2403.157 Safari/537.36"
94.136.190.175 - - [29/Jul/2026:05:28:26 +0200] "GET / HTTP/1.1" 200 4116 "-" "Mozilla/5.0 (X11; Linux x86_64) AppleWebKit/537.36 (KHTML, like Gecko) Chrome/44.0.2403.157 Safari/537.36"
57.141.0.40 - - [29/Jul/2026:05:31:56 +0200] "GET /wp-json/wp/v2/users/7 HTTP/1.1" 200 4116 "-" "Mozilla/5.0 (Windows NT 10.0; Win64; x64) AppleWebKit/537.36 (KHTML, like Gecko) Chrome/145.0.0.0 Safari/537.36 (compatible; meta-externalagent/1.1 (+https://developers.facebook.com/docs/sharing/webmasters/crawler))"
57.141.0.22 - - [29/Jul/2026:05:39:07 +0200] "GET /?path=/var/www/gurumedia_st_usr/data/www HTTP/1.1" 200 3021 "-" "Mozilla/5.0 (Macintosh; Intel Mac OS X 10_15_7) AppleWebKit/537.36 (KHTML, like Gecko) Chrome/145.0.0.0 Safari/537.36 (compatible; meta-externalagent/1.1 (+https://developers.facebook.com/docs/sharing/webmasters/crawler))"
57.141.0.7 - - [29/Jul/2026:05:39:26 +0200] "GET /wp-json/wp/v2/users/7?fileloc=/var/www/gurumedia_st_usr/data/www/gurumedia.store/inteligent/readme.html&path=/var/www/gurumedia_st_usr/data/www/gurumedia.store/inteligent HTTP/1.1" 200 5786 "-" "Mozilla/5.0 (Macintosh; Intel Mac OS X 10_15_7) AppleWebKit/537.36 (KHTML, like Gecko) Chrome/145.0.0.0 Safari/537.36 (compatible; meta-externalagent/1.1 (+https://developers.facebook.com/docs/sharing/webmasters/crawler))"
57.141.0.10 - - [29/Jul/2026:05:42:08 +0200] "GET /?path=/var HTTP/1.1" 200 3543 "-" "Mozilla/5.0 (Windows NT 10.0; Win64; x64) AppleWebKit/537.36 (KHTML, like Gecko) Chrome/145.0.0.0 Safari/537.36 (compatible; meta-externalagent/1.1 (+https://developers.facebook.com/docs/sharing/webmasters/crawler))"
94.136.190.175 - - [29/Jul/2026:05:42:09 +0200] "GET / HTTP/1.1" 200 4116 "-" "Mozilla/5.0 (X11; Linux x86_64) AppleWebKit/537.36 (KHTML, like Gecko) Chrome/44.0.2403.157 Safari/537.36"
216.73.216.17 - - [29/Jul/2026:05:47:16 +0200] "GET /sitemap.xml HTTP/1.1" 200 4116 "-" "Mozilla/5.0 AppleWebKit/537.36 (KHTML, like Gecko; compatible; ClaudeBot/1.0; +claudebot@anthropic.com)"
216.73.216.17 - - [29/Jul/2026:05:48:38 +0200] "GET /sitemap.xml?path=%2F%2Fsys HTTP/1.1" 200 3325 "-" "Mozilla/5.0 AppleWebKit/537.36 (KHTML, like Gecko; compatible; ClaudeBot/1.0; +claudebot@anthropic.com)"
216.73.216.17 - - [29/Jul/2026:05:48:40 +0200] "GET /sitemap.xml?path=%2F%2Ftmp HTTP/1.1" 200 3680 "-" "Mozilla/5.0 AppleWebKit/537.36 (KHTML, like Gecko; compatible; ClaudeBot/1.0; +claudebot@anthropic.com)"
216.73.216.17 - - [29/Jul/2026:05:48:43 +0200] "GET /sitemap.xml?path=%2F%2Fdev HTTP/1.1" 200 3732 "-" "Mozilla/5.0 AppleWebKit/537.36 (KHTML, like Gecko; compatible; ClaudeBot/1.0; +claudebot@anthropic.com)"
216.73.216.17 - - [29/Jul/2026:05:48:53 +0200] "GET /sitemap.xml?path=%2Fvar%2Ftmp HTTP/1.1" 200 2742 "-" "Mozilla/5.0 AppleWebKit/537.36 (KHTML, like Gecko; compatible; ClaudeBot/1.0; +claudebot@anthropic.com)"
216.73.216.17 - - [29/Jul/2026:05:48:55 +0200] "GET /sitemap.xml?path=%2F%2Froot HTTP/1.1" 200 2744 "-" "Mozilla/5.0 AppleWebKit/537.36 (KHTML, like Gecko; compatible; ClaudeBot/1.0; +claudebot@anthropic.com)"
216.73.216.17 - - [29/Jul/2026:05:48:58 +0200] "GET /sitemap.xml?path=%2Fvar%2Fcache HTTP/1.1" 200 3714 "-" "Mozilla/5.0 AppleWebKit/537.36 (KHTML, like Gecko; compatible; ClaudeBot/1.0; +claudebot@anthropic.com)"
216.73.216.17 - - [29/Jul/2026:05:49:03 +0200] "GET /sitemap.xml?path=%2F%2Frun HTTP/1.1" 200 5114 "-" "Mozilla/5.0 AppleWebKit/537.36 (KHTML, like Gecko; compatible; ClaudeBot/1.0; +claudebot@anthropic.com)"
216.73.216.17 - - [29/Jul/2026:05:49:05 +0200] "GET /sitemap.xml?path=%2F%2Fbin HTTP/1.1" 200 39561 "-" "Mozilla/5.0 AppleWebKit/537.36 (KHTML, like Gecko; compatible; ClaudeBot/1.0; +claudebot@anthropic.com)"
216.73.216.17 - - [29/Jul/2026:05:49:08 +0200] "GET /sitemap.xml?path=%2F%2Fopt HTTP/1.1" 200 3210 "-" "Mozilla/5.0 AppleWebKit/537.36 (KHTML, like Gecko; compatible; ClaudeBot/1.0; +claudebot@anthropic.com)"
216.73.216.17 - - [29/Jul/2026:05:49:12 +0200] "GET /sitemap.xml?path=%2F%2Fproc HTTP/1.1" 200 9857 "-" "Mozilla/5.0 AppleWebKit/537.36 (KHTML, like Gecko; compatible; ClaudeBot/1.0; +claudebot@anthropic.com)"
216.73.216.17 - - [29/Jul/2026:05:49:31 +0200] "GET /sitemap.xml?path=%2Fvar%2Fopt HTTP/1.1" 200 2753 "-" "Mozilla/5.0 AppleWebKit/537.36 (KHTML, like Gecko; compatible; ClaudeBot/1.0; +claudebot@anthropic.com)"
216.73.216.17 - - [29/Jul/2026:05:49:33 +0200] "GET /sitemap.xml?path=%2Fvar%2Fbackups HTTP/1.1" 200 4314 "-" "Mozilla/5.0 AppleWebKit/537.36 (KHTML, like Gecko; compatible; ClaudeBot/1.0; +claudebot@anthropic.com)"
216.73.216.17 - - [29/Jul/2026:05:49:36 +0200] "GET /sitemap.xml?path=%2F%2Fsbin HTTP/1.1" 200 23200 "-" "Mozilla/5.0 AppleWebKit/537.36 (KHTML, like Gecko; compatible; ClaudeBot/1.0; +claudebot@anthropic.com)"
216.73.216.17 - - [29/Jul/2026:05:49:48 +0200] "GET /sitemap.xml?path=%2Fvar%2Flock HTTP/1.1" 200 3081 "-" "Mozilla/5.0 AppleWebKit/537.36 (KHTML, like Gecko; compatible; ClaudeBot/1.0; +claudebot@anthropic.com)"
216.73.216.17 - - [29/Jul/2026:05:49:51 +0200] "GET /sitemap.xml?path=%2Fvar%2Flog HTTP/1.1" 200 5692 "-" "Mozilla/5.0 AppleWebKit/537.36 (KHTML, like Gecko; compatible; ClaudeBot/1.0; +claudebot@anthropic.com)"
216.73.216.17 - - [29/Jul/2026:05:49:54 +0200] "GET /sitemap.xml?path=%2Fvar%2Fspool HTTP/1.1" 200 3135 "-" "Mozilla/5.0 AppleWebKit/537.36 (KHTML, like Gecko; compatible; ClaudeBot/1.0; +claudebot@anthropic.com)"
216.73.216.17 - - [29/Jul/2026:05:50:39 +0200] "GET /sitemap.xml?path=%2F%2Fetc HTTP/1.1" 200 10098 "-" "Mozilla/5.0 AppleWebKit/537.36 (KHTML, like Gecko; compatible; ClaudeBot/1.0; +claudebot@anthropic.com)"
216.73.216.17 - - [29/Jul/2026:05:50:42 +0200] "GET /sitemap.xml?path=%2Fvar%2Frun HTTP/1.1" 200 5085 "-" "Mozilla/5.0 AppleWebKit/537.36 (KHTML, like Gecko; compatible; ClaudeBot/1.0; +claudebot@anthropic.com)"
216.73.216.17 - - [29/Jul/2026:05:50:45 +0200] "GET /sitemap.xml?path=%2Fvar%2Fupload HTTP/1.1" 200 2753 "-" "Mozilla/5.0 AppleWebKit/537.36 (KHTML, like Gecko; compatible; ClaudeBot/1.0; +claudebot@anthropic.com)"
216.73.216.17 - - [29/Jul/2026:05:50:51 +0200] "GET /sitemap.xml?path=%2F%2Fsnap HTTP/1.1" 200 3018 "-" "Mozilla/5.0 AppleWebKit/537.36 (KHTML, like Gecko; compatible; ClaudeBot/1.0; +claudebot@anthropic.com)"
216.73.216.17 - - [29/Jul/2026:05:50:53 +0200] "GET /sitemap.xml?path=%2F%2Fsrv HTTP/1.1" 200 2996 "-" "Mozilla/5.0 AppleWebKit/537.36 (KHTML, like Gecko; compatible; ClaudeBot/1.0; +claudebot@anthropic.com)"
216.73.216.17 - - [29/Jul/2026:05:50:56 +0200] "GET /sitemap.xml?path=%2F%2Fvar HTTP/1.1" 200 3541 "-" "Mozilla/5.0 AppleWebKit/537.36 (KHTML, like Gecko; compatible; ClaudeBot/1.0; +claudebot@anthropic.com)"
216.73.216.17 - - [29/Jul/2026:05:51:04 +0200] "GET /sitemap.xml?path=%2Fvar%2Fmail HTTP/1.1" 200 2753 "-" "Mozilla/5.0 AppleWebKit/537.36 (KHTML, like Gecko; compatible; ClaudeBot/1.0; +claudebot@anthropic.com)"
216.73.216.17 - - [29/Jul/2026:05:51:06 +0200] "GET /sitemap.xml?path=%2F%2Fmnt HTTP/1.1" 200 2744 "-" "Mozilla/5.0 AppleWebKit/537.36 (KHTML, like Gecko; compatible; ClaudeBot/1.0; +claudebot@anthropic.com)"
216.73.216.17 - - [29/Jul/2026:05:51:09 +0200] "GET /sitemap.xml?path=%2F%2Flib HTTP/1.1" 200 6356 "-" "Mozilla/5.0 AppleWebKit/537.36 (KHTML, like Gecko; compatible; ClaudeBot/1.0; +claudebot@anthropic.com)"
216.73.216.17 - - [29/Jul/2026:05:51:37 +0200] "GET /sitemap.xml?path=%2F%2Flost+found HTTP/1.1" 200 2748 "-" "Mozilla/5.0 AppleWebKit/537.36 (KHTML, like Gecko; compatible; ClaudeBot/1.0; +claudebot@anthropic.com)"
216.73.216.17 - - [29/Jul/2026:05:51:39 +0200] "GET /sitemap.xml?path=%2Fvar%2Flib HTTP/1.1" 200 5017 "-" "Mozilla/5.0 AppleWebKit/537.36 (KHTML, like Gecko; compatible; ClaudeBot/1.0; +claudebot@anthropic.com)"
216.73.216.17 - - [29/Jul/2026:05:51:42 +0200] "GET /sitemap.xml?path=%2Fvar%2Fsnap HTTP/1.1" 200 2753 "-" "Mozilla/5.0 AppleWebKit/537.36 (KHTML, like Gecko; compatible; ClaudeBot/1.0; +claudebot@anthropic.com)"
216.73.216.17 - - [29/Jul/2026:05:51:50 +0200] "GET /sitemap.xml?path=%2F%2Fmedia HTTP/1.1" 200 2744 "-" "Mozilla/5.0 AppleWebKit/537.36 (KHTML, like Gecko; compatible; ClaudeBot/1.0; +claudebot@anthropic.com)"
216.73.216.17 - - [29/Jul/2026:05:51:51 +0200] "GET /sitemap.xml?path=%2F%2Flib64 HTTP/1.1" 200 3034 "-" "Mozilla/5.0 AppleWebKit/537.36 (KHTML, like Gecko; compatible; ClaudeBot/1.0; +claudebot@anthropic.com)"
216.73.216.17 - - [29/Jul/2026:05:51:54 +0200] "GET /sitemap.xml?path=%2Fvar%2Flocal HTTP/1.1" 200 2755 "-" "Mozilla/5.0 AppleWebKit/537.36 (KHTML, like Gecko; compatible; ClaudeBot/1.0; +claudebot@anthropic.com)"
216.73.216.17 - - [29/Jul/2026:05:52:02 +0200] "GET /sitemap.xml?path=%2Fvar%2Fwww%2Fhtml HTTP/1.1" 200 2762 "-" "Mozilla/5.0 AppleWebKit/537.36 (KHTML, like Gecko; compatible; ClaudeBot/1.0; +claudebot@anthropic.com)"
216.73.216.17 - - [29/Jul/2026:05:52:07 +0200] "GET /sitemap.xml?path=%2Fvar%2Fcrash HTTP/1.1" 200 2743 "-" "Mozilla/5.0 AppleWebKit/537.36 (KHTML, like Gecko; compatible; ClaudeBot/1.0; +claudebot@anthropic.com)"
216.73.216.17 - - [29/Jul/2026:05:52:10 +0200] "GET /sitemap.xml?path=%2F%2Fhome HTTP/1.1" 200 2743 "-" "Mozilla/5.0 AppleWebKit/537.36 (KHTML, like Gecko; compatible; ClaudeBot/1.0; +claudebot@anthropic.com)"
216.73.216.17 - - [29/Jul/2026:05:52:14 +0200] "GET /sitemap.xml?path=%2F%2Fbin.usr-is-merged HTTP/1.1" 200 2753 "-" "Mozilla/5.0 AppleWebKit/537.36 (KHTML, like Gecko; compatible; ClaudeBot/1.0; +claudebot@anthropic.com)"
216.73.216.17 - - [29/Jul/2026:05:52:16 +0200] "GET /sitemap.xml?path=%2Fvar%2Fwww%2Ffastuser HTTP/1.1" 200 2765 "-" "Mozilla/5.0 AppleWebKit/537.36 (KHTML, like Gecko; compatible; ClaudeBot/1.0; +claudebot@anthropic.com)"
216.73.216.17 - - [29/Jul/2026:05:52:19 +0200] "GET /sitemap.xml?path=%2Fvar%2Fwww%2Fhttpd-cert HTTP/1.1" 200 2767 "-" "Mozilla/5.0 AppleWebKit/537.36 (KHTML, like Gecko; compatible; ClaudeBot/1.0; +claudebot@anthropic.com)"
216.73.216.17 - - [29/Jul/2026:05:52:43 +0200] "GET /sitemap.xml?path=%2F%2Fsbin.usr-is-merged HTTP/1.1" 200 2754 "-" "Mozilla/5.0 AppleWebKit/537.36 (KHTML, like Gecko; compatible; ClaudeBot/1.0; +claudebot@anthropic.com)"
216.73.216.17 - - [29/Jul/2026:05:52:46 +0200] "GET /sitemap.xml?path=%2Fvar%2Fwww%2Fpaymax_llc_usr HTTP/1.1" 200 2770 "-" "Mozilla/5.0 AppleWebKit/537.36 (KHTML, like Gecko; compatible; ClaudeBot/1.0; +claudebot@anthropic.com)"
173.208.148.34 - - [29/Jul/2026:05:52:47 +0200] "GET / HTTP/1.1" 200 54914 "-" "Mozilla/5.0 (Windows NT 10.0; Win64; x64) AppleWebKit/537.36 (KHTML, like Gecko) Chrome/131.0.0.0 Safari/537.36"
216.73.216.17 - - [29/Jul/2026:05:52:49 +0200] "GET /sitemap.xml?path=%2Fvar%2Fwww%2Fgurumedia_st_usr%2Fdata%2Fphp-bin HTTP/1.1" 200 3072 "-" "Mozilla/5.0 AppleWebKit/537.36 (KHTML, like Gecko; compatible; ClaudeBot/1.0; +claudebot@anthropic.com)"
173.208.148.34 - - [29/Jul/2026:05:52:49 +0200] "GET / HTTP/1.1" 200 808963 "-" "Mozilla/5.0 (compatible; Googlebot/2.1; +http://www.google.com/bot.html)"
173.208.148.34 - - [29/Jul/2026:05:52:52 +0200] "GET /index.php?params=1 HTTP/1.1" 200 54914 "-" "Mozilla/5.0 (Windows NT 10.0; Win64; x64) AppleWebKit/537.36 (KHTML, like Gecko) Chrome/131.0.0.0 Safari/537.36"
216.73.216.17 - - [29/Jul/2026:05:53:29 +0200] "GET /sitemap.xml?path=%2F%2Flib.usr-is-merged HTTP/1.1" 200 2753 "-" "Mozilla/5.0 AppleWebKit/537.36 (KHTML, like Gecko; compatible; ClaudeBot/1.0; +claudebot@anthropic.com)"
216.73.216.17 - - [29/Jul/2026:05:53:31 +0200] "GET /sitemap.xml?path=%2Fvar%2Fwww%2Fnexmart_com__usr HTTP/1.1" 200 2772 "-" "Mozilla/5.0 AppleWebKit/537.36 (KHTML, like Gecko; compatible; ClaudeBot/1.0; +claudebot@anthropic.com)"
216.73.216.17 - - [29/Jul/2026:05:53:34 +0200] "GET /sitemap.xml?path=%2Fvar%2Fwww%2Fgurumedia_st_usr%2Fdata%2Ftmp HTTP/1.1" 200 7033 "-" "Mozilla/5.0 AppleWebKit/537.36 (KHTML, like Gecko; compatible; ClaudeBot/1.0; +claudebot@anthropic.com)"
216.73.216.17 - - [29/Jul/2026:05:53:41 +0200] "GET /sitemap.xml?path=%2Fvar%2Fwww%2Fshopnilbd_sh_usr HTTP/1.1" 200 2772 "-" "Mozilla/5.0 AppleWebKit/537.36 (KHTML, like Gecko; compatible; ClaudeBot/1.0; +claudebot@anthropic.com)"
216.73.216.17 - - [29/Jul/2026:05:53:43 +0200] "GET /sitemap.xml?path=%2Fvar%2Fwww%2Fgurumedia_st_usr%2Fdata%2Flogs HTTP/1.1" 200 6189 "-" "Mozilla/5.0 AppleWebKit/537.36 (KHTML, like Gecko; compatible; ClaudeBot/1.0; +claudebot@anthropic.com)"
216.73.216.17 - - [29/Jul/2026:05:53:46 +0200] "GET /sitemap.xml?path=%2Fvar%2Fwww%2Fgarlichoney__usr HTTP/1.1" 200 2772 "-" "Mozilla/5.0 AppleWebKit/537.36 (KHTML, like Gecko; compatible; ClaudeBot/1.0; +claudebot@anthropic.com)"
216.73.216.17 - - [29/Jul/2026:05:53:55 +0200] "GET /sitemap.xml?path=%2Fvar%2Fwww%2Fronginghuri__usr HTTP/1.1" 200 2771 "-" "Mozilla/5.0 AppleWebKit/537.36 (KHTML, like Gecko; compatible; ClaudeBot/1.0; +claudebot@anthropic.com)"
